CRAN Package Check Results for Package onbabynames

Last updated on 2021-10-25 00:49:19 CEST.

Flavor Version Tinstall Tcheck Ttotal Status Flags
r-devel-linux-x86_64-debian-clang 0.0.1 3.81 31.56 35.37 OK
r-devel-linux-x86_64-debian-gcc 0.0.1 3.06 24.99 28.05 OK
r-devel-linux-x86_64-fedora-clang 0.0.1 53.67 NOTE
r-devel-linux-x86_64-fedora-gcc 0.0.1 42.11 NOTE
r-devel-windows-x86_64 0.0.1 6.00 50.00 56.00 OK
r-devel-windows-x86_64-gcc10-UCRT 0.0.1 NOTE
r-patched-linux-x86_64 0.0.1 3.81 29.82 33.63 OK
r-patched-solaris-x86 0.0.1 71.30 NOTE
r-release-linux-x86_64 0.0.1 3.41 29.88 33.29 OK
r-release-macos-arm64 0.0.1 NOTE
r-release-macos-x86_64 0.0.1 NOTE
r-release-windows-ix86+x86_64 0.0.1 7.00 50.00 57.00 OK
r-oldrel-macos-x86_64 0.0.1 NOTE
r-oldrel-windows-ix86+x86_64 0.0.1 9.00 48.00 57.00 OK

Check Details

Version: 0.0.1
Check: data for non-ASCII characters
Result: NOTE
     Note: found 842 marked UTF-8 strings
Flavors: r-devel-linux-x86_64-fedora-clang, r-devel-linux-x86_64-fedora-gcc, r-devel-windows-x86_64-gcc10-UCRT, r-patched-solaris-x86, r-release-macos-arm64, r-release-macos-x86_64, r-oldrel-macos-x86_64