CRAN Package Check Results for Package onbrand

Last updated on 2024-06-14 00:53:51 CEST.

Flavor Version Tinstall Tcheck Ttotal Status Flags
r-devel-linux-x86_64-debian-clang 1.0.5 10.51 115.56 126.07 OK
r-devel-linux-x86_64-debian-gcc 1.0.5 0.74 1.89 2.63 ERROR
r-devel-linux-x86_64-fedora-clang 1.0.5 169.88 OK
r-devel-linux-x86_64-fedora-gcc 1.0.5 164.93 OK
r-devel-windows-x86_64 1.0.5 11.00 107.00 118.00 OK
r-patched-linux-x86_64 1.0.5 8.85 112.40 121.25 OK
r-release-linux-x86_64 1.0.5 7.68 112.12 119.80 OK
r-release-macos-arm64 1.0.5 51.00 OK
r-release-macos-x86_64 1.0.5 140.00 OK
r-release-windows-x86_64 1.0.5 12.00 112.00 124.00 OK
r-oldrel-macos-arm64 1.0.5 62.00 OK
r-oldrel-macos-x86_64 1.0.5 117.00 OK
r-oldrel-windows-x86_64 1.0.5 15.00 119.00 134.00 OK

Check Details

Version: 1.0.5
Check: package dependencies
Result: ERROR Packages required but not available: 'dplyr', 'ggplot2', 'stringr' Package suggested but not available for checking: ‘testthat’ See section ‘The DESCRIPTION file’ in the ‘Writing R Extensions’ manual. Flavor: r-devel-linux-x86_64-debian-gcc