CRAN Package Check Results for Package onemapsgapi

Last updated on 2021-10-27 00:51:12 CEST.

Flavor Version Tinstall Tcheck Ttotal Status Flags
r-devel-linux-x86_64-debian-clang 1.0.0 5.94 52.34 58.28 NOTE
r-devel-linux-x86_64-debian-gcc 1.0.0 3.60 39.62 43.22 NOTE
r-devel-linux-x86_64-fedora-clang 1.0.0 80.44 NOTE
r-devel-linux-x86_64-fedora-gcc 1.0.0 66.48 NOTE
r-devel-windows-x86_64 1.0.0 10.00 72.00 82.00 NOTE
r-devel-windows-x86_64-gcc10-UCRT 1.0.0 NOTE
r-patched-linux-x86_64 1.0.0 5.01 48.65 53.66 NOTE
r-patched-solaris-x86 1.0.0 99.60 NOTE
r-release-linux-x86_64 1.0.0 3.97 49.09 53.06 NOTE
r-release-macos-arm64 1.0.0 NOTE
r-release-macos-x86_64 1.0.0 NOTE
r-release-windows-ix86+x86_64 1.0.0 10.00 74.00 84.00 NOTE
r-oldrel-macos-x86_64 1.0.0 OK
r-oldrel-windows-ix86+x86_64 1.0.0 15.00 81.00 96.00 OK

Check Details

Version: 1.0.0
Check: LazyData
Result: NOTE
     'LazyData' is specified without a 'data' directory
Flavors: r-devel-linux-x86_64-debian-clang, r-devel-linux-x86_64-debian-gcc, r-devel-linux-x86_64-fedora-clang, r-devel-linux-x86_64-fedora-gcc, r-devel-windows-x86_64, r-devel-windows-x86_64-gcc10-UCRT, r-patched-linux-x86_64, r-patched-solaris-x86, r-release-linux-x86_64, r-release-macos-arm64, r-release-macos-x86_64, r-release-windows-ix86+x86_64