Last updated on 2023-09-23 00:54:00 CEST.
Flavor | Version | Tinstall | Tcheck | Ttotal | Status | Flags |
---|---|---|---|---|---|---|
r-devel-linux-x86_64-debian-clang | 0.2.0 | 2.39 | 33.53 | 35.92 | OK | |
r-devel-linux-x86_64-debian-gcc | 0.2.0 | 1.70 | 25.88 | 27.58 | OK | |
r-devel-linux-x86_64-fedora-clang | 0.2.0 | 44.41 | NOTE | |||
r-devel-linux-x86_64-fedora-gcc | 0.2.0 | 55.39 | OK | |||
r-devel-windows-x86_64 | 0.2.0 | 4.00 | 60.00 | 64.00 | OK | |
r-patched-linux-x86_64 | 0.2.0 | 2.57 | 31.99 | 34.56 | OK | |
r-release-linux-x86_64 | 0.2.0 | 2.53 | 32.57 | 35.10 | OK | |
r-release-macos-arm64 | 0.2.0 | 47.00 | OK | |||
r-release-macos-x86_64 | 0.2.0 | 66.00 | OK | |||
r-release-windows-x86_64 | 0.2.0 | 3.00 | 61.00 | 64.00 | OK | |
r-oldrel-macos-arm64 | 0.2.0 | 33.00 | OK | |||
r-oldrel-macos-x86_64 | 0.2.0 | 39.00 | OK | |||
r-oldrel-windows-x86_64 | 0.2.0 | 5.00 | 66.00 | 71.00 | OK |
Version: 0.2.0
Check: Rd cross-references
Result: NOTE
Undeclared package ‘lubridate’ in Rd xrefs
Flavor: r-devel-linux-x86_64-fedora-clang