Last updated on 2023-05-30 00:59:52 CEST.
Flavor | Version | Tinstall | Tcheck | Ttotal | Status | Flags |
---|---|---|---|---|---|---|
r-devel-linux-x86_64-debian-clang | 0.3.5 | 17.81 | 153.39 | 171.20 | OK | |
r-devel-linux-x86_64-debian-gcc | 0.3.5 | 16.28 | 115.03 | 131.31 | OK | |
r-devel-linux-x86_64-fedora-clang | 0.3.5 | 210.83 | OK | |||
r-devel-linux-x86_64-fedora-gcc | 0.3.5 | 203.47 | OK | |||
r-devel-windows-x86_64 | 0.3.5 | 17.00 | 121.00 | 138.00 | OK | |
r-patched-linux-x86_64 | 0.3.5 | 18.49 | 144.17 | 162.66 | OK | |
r-release-linux-x86_64 | 0.3.5 | 18.55 | 143.05 | 161.60 | OK | |
r-release-macos-arm64 | 0.3.5 | 5.00 | ERROR | |||
r-release-macos-x86_64 | 0.3.5 | 6.00 | ERROR | |||
r-release-windows-x86_64 | 0.3.5 | 23.00 | 150.00 | 173.00 | OK | |
r-oldrel-macos-arm64 | 0.3.5 | 9.00 | ERROR | |||
r-oldrel-macos-x86_64 | 0.3.5 | 10.00 | ERROR | |||
r-oldrel-windows-x86_64 | 0.3.5 | 24.00 | 157.00 | 181.00 | OK |
Version: 0.3.5
Check: package dependencies
Result: ERROR
Package required but not available: ‘mixAK’
See section ‘The DESCRIPTION file’ in the ‘Writing R Extensions’
manual.
Flavors: r-release-macos-arm64, r-release-macos-x86_64, r-oldrel-macos-arm64, r-oldrel-macos-x86_64