CRAN Package Check Results for Package openCR

Last updated on 2021-10-23 00:49:02 CEST.

Flavor Version Tinstall Tcheck Ttotal Status Flags
r-devel-linux-x86_64-debian-clang 2.1.0 124.03 389.04 513.07 NOTE
r-devel-linux-x86_64-debian-gcc 2.1.0 94.20 291.13 385.33 NOTE
r-devel-linux-x86_64-fedora-clang 2.1.0 588.10 NOTE
r-devel-linux-x86_64-fedora-gcc 2.1.0 512.60 NOTE
r-devel-windows-x86_64 2.1.0 190.00 452.00 642.00 NOTE
r-devel-windows-x86_64-gcc10-UCRT 2.1.0 NOTE
r-patched-linux-x86_64 2.1.0 114.10 385.24 499.34 NOTE
r-patched-solaris-x86 2.1.0 579.60 NOTE
r-release-linux-x86_64 2.1.0 116.23 375.53 491.76 NOTE
r-release-macos-arm64 2.1.0 NOTE
r-release-macos-x86_64 2.1.0 NOTE
r-release-windows-ix86+x86_64 2.1.0 238.00 507.00 745.00 NOTE
r-oldrel-macos-x86_64 2.1.0 NOTE
r-oldrel-windows-ix86+x86_64 2.1.0 290.00 381.00 671.00 NOTE

Check Details

Version: 2.1.0
Check: for GNU extensions in Makefiles
Result: NOTE
    GNU make is a SystemRequirements.
Flavors: r-devel-linux-x86_64-debian-clang, r-devel-linux-x86_64-debian-gcc, r-devel-linux-x86_64-fedora-clang, r-devel-linux-x86_64-fedora-gcc, r-devel-windows-x86_64, r-devel-windows-x86_64-gcc10-UCRT, r-patched-linux-x86_64, r-patched-solaris-x86, r-release-linux-x86_64, r-release-macos-arm64, r-release-macos-x86_64, r-release-windows-ix86+x86_64, r-oldrel-macos-x86_64, r-oldrel-windows-ix86+x86_64

Version: 2.1.0
Check: package dependencies
Result: NOTE
    Packages suggested but not available for checking: 'RMark', 'R2ucare'
Flavor: r-patched-solaris-x86

Version: 2.1.0
Check: installed package size
Result: NOTE
     installed size is 5.5Mb
     sub-directories of 1Mb or more:
     libs 4.2Mb
Flavor: r-release-macos-arm64