CRAN Package Check Results for Package openSkies

Last updated on 2024-07-23 00:54:34 CEST.

Flavor Version Tinstall Tcheck Ttotal Status Flags
r-devel-linux-x86_64-debian-clang 1.2.1 18.26 102.85 121.11 OK
r-devel-linux-x86_64-debian-gcc 1.2.1 13.86 76.74 90.60 NOTE
r-devel-linux-x86_64-fedora-clang 1.2.1 157.77 OK
r-devel-linux-x86_64-fedora-gcc 1.2.1 154.12 OK
r-devel-windows-x86_64 1.2.1 18.00 126.00 144.00 NOTE
r-patched-linux-x86_64 1.2.1 17.54 95.76 113.30 OK
r-release-linux-x86_64 1.2.1 12.33 97.66 109.99 OK
r-release-macos-arm64 1.2.1 352.00 OK
r-release-macos-x86_64 1.2.1 82.00 OK
r-release-windows-x86_64 1.2.1 16.00 118.00 134.00 OK
r-oldrel-macos-arm64 1.2.1 359.00 OK
r-oldrel-macos-x86_64 1.2.1 434.00 OK
r-oldrel-windows-x86_64 1.2.1 21.00 121.00 142.00 OK

Additional issues

noSuggests

Check Details

Version: 1.2.1
Check: Rd cross-references
Result: NOTE Found the following Rd file(s) with Rd \link{} targets missing package anchors: ADSBDecoder.Rd: R6Class clusterRoutes.Rd: dbscan, cluster openSkiesAircraft.Rd: R6Class openSkiesAirport.Rd: R6Class openSkiesFlight.Rd: R6Class openSkiesRoute.Rd: R6Class openSkiesStateVector.Rd: R6Class openSkiesStateVectorSet.Rd: R6Class Please provide package anchors for all Rd \link{} targets not in the package itself and the base packages. Flavors: r-devel-linux-x86_64-debian-gcc, r-devel-windows-x86_64