Last updated on 2023-10-05 01:01:51 CEST.
Flavor | Version | Tinstall | Tcheck | Ttotal | Status | Flags |
---|---|---|---|---|---|---|
r-devel-linux-x86_64-debian-clang | 0.1.1 | 2.90 | 25.01 | 27.91 | OK | |
r-devel-linux-x86_64-debian-gcc | 0.1.1 | 2.31 | 19.77 | 22.08 | OK | |
r-devel-linux-x86_64-fedora-clang | 0.1.1 | 35.37 | NOTE | |||
r-devel-linux-x86_64-fedora-gcc | 0.1.1 | 45.84 | NOTE | |||
r-devel-windows-x86_64 | 0.1.1 | 5.00 | 45.00 | 50.00 | OK | |
r-patched-linux-x86_64 | 0.1.1 | 2.03 | 24.20 | 26.23 | OK | |
r-release-linux-x86_64 | 0.1.1 | 1.87 | 24.39 | 26.26 | OK | |
r-release-macos-arm64 | 0.1.1 | 21.00 | OK | |||
r-release-macos-x86_64 | 0.1.1 | 28.00 | OK | |||
r-release-windows-x86_64 | 0.1.1 | 5.00 | 42.00 | 47.00 | OK | |
r-oldrel-macos-arm64 | 0.1.1 | 17.00 | NOTE | |||
r-oldrel-macos-x86_64 | 0.1.1 | 26.00 | NOTE | |||
r-oldrel-windows-x86_64 | 0.1.1 | 5.00 | 44.00 | 49.00 | OK |
Version: 0.1.1
Check: dependencies in R code
Result: NOTE
Namespaces in Imports field not imported from:
‘dplyr’ ‘glue’ ‘httpcode’ ‘httr’ ‘jsonlite’ ‘tidyr’
All declared Imports should be used.
Flavors: r-devel-linux-x86_64-fedora-clang, r-devel-linux-x86_64-fedora-gcc, r-oldrel-macos-arm64, r-oldrel-macos-x86_64