CRAN Package Check Results for Package openmetrics

Last updated on 2023-09-23 00:54:00 CEST.

Flavor Version Tinstall Tcheck Ttotal Status Flags
r-devel-linux-x86_64-debian-clang 0.3.0 8.14 26.31 34.45 NOTE
r-devel-linux-x86_64-debian-gcc 0.3.0 6.20 20.30 26.50 NOTE
r-devel-linux-x86_64-fedora-clang 0.3.0 42.02 NOTE
r-devel-linux-x86_64-fedora-gcc 0.3.0 40.29 NOTE
r-devel-windows-x86_64 0.3.0 7.00 44.00 51.00 NOTE
r-patched-linux-x86_64 0.3.0 6.81 25.33 32.14 NOTE
r-release-linux-x86_64 0.3.0 7.20 25.65 32.85 NOTE
r-release-macos-arm64 0.3.0 19.00 NOTE
r-release-macos-x86_64 0.3.0 24.00 NOTE
r-release-windows-x86_64 0.3.0 7.00 42.00 49.00 NOTE
r-oldrel-macos-arm64 0.3.0 17.00 NOTE
r-oldrel-macos-x86_64 0.3.0 23.00 NOTE
r-oldrel-windows-x86_64 0.3.0 10.00 44.00 54.00 NOTE

Check Details

Version: 0.3.0
Check: LazyData
Result: NOTE
     'LazyData' is specified without a 'data' directory
Flavors: r-devel-linux-x86_64-debian-clang, r-devel-linux-x86_64-debian-gcc, r-devel-linux-x86_64-fedora-clang, r-devel-linux-x86_64-fedora-gcc, r-devel-windows-x86_64, r-patched-linux-x86_64, r-release-linux-x86_64, r-release-macos-arm64, r-release-macos-x86_64, r-release-windows-x86_64, r-oldrel-macos-arm64, r-oldrel-macos-x86_64, r-oldrel-windows-x86_64

Version: 0.3.0
Check: dependencies in R code
Result: NOTE
    Namespace in Imports field not imported from: ‘R6’
     All declared Imports should be used.
Flavors: r-devel-linux-x86_64-fedora-clang, r-devel-linux-x86_64-fedora-gcc, r-oldrel-macos-x86_64