CRAN Package Check Results for Package openxlsx

Last updated on 2021-12-05 00:51:29 CET.

Flavor Version Tinstall Tcheck Ttotal Status Flags
r-devel-linux-x86_64-debian-clang 4.2.4 114.18 122.53 236.71 OK
r-devel-linux-x86_64-debian-gcc 4.2.4 93.67 94.10 187.77 OK
r-devel-linux-x86_64-fedora-clang 4.2.4 368.51 NOTE
r-devel-linux-x86_64-fedora-gcc 4.2.4 310.44 OK
r-devel-windows-x86_64-new-UL 4.2.4 185.00 226.00 411.00 OK
r-devel-windows-x86_64-new-TK 4.2.4 OK
r-devel-windows-x86_64-old 4.2.4 171.00 121.00 292.00 OK
r-patched-linux-x86_64 4.2.4 106.04 111.42 217.46 OK
r-release-linux-x86_64 4.2.4 110.37 111.99 222.36 OK
r-release-macos-arm64 4.2.4 NOTE
r-release-macos-x86_64 4.2.4 NOTE
r-release-windows-ix86+x86_64 4.2.4 258.00 242.00 500.00 OK
r-oldrel-macos-x86_64 4.2.4 NOTE
r-oldrel-windows-ix86+x86_64 4.2.4 268.00 242.00 510.00 OK

Check Details

Version: 4.2.4
Check: installed package size
Result: NOTE
     installed size is 7.1Mb
     sub-directories of 1Mb or more:
     extdata 1.1Mb
     libs 4.8Mb
Flavors: r-devel-linux-x86_64-fedora-clang, r-release-macos-arm64, r-release-macos-x86_64, r-oldrel-macos-x86_64