CRAN Package Check Results for Package opera

Last updated on 2023-09-29 00:56:55 CEST.

Flavor Version Tinstall Tcheck Ttotal Status Flags
r-devel-linux-x86_64-debian-clang 1.2.0 179.64 167.97 347.61 OK
r-devel-linux-x86_64-debian-gcc 1.2.0 140.69 123.76 264.45 OK
r-devel-linux-x86_64-fedora-clang 1.2.0 464.94 NOTE
r-devel-linux-x86_64-fedora-gcc 1.2.0 511.98 NOTE
r-devel-windows-x86_64 1.2.0 125.00 151.00 276.00 NOTE
r-patched-linux-x86_64 1.2.0 184.97 163.47 348.44 OK
r-release-linux-x86_64 1.2.0 187.88 165.29 353.17 OK
r-release-macos-arm64 1.2.0 120.00 NOTE
r-release-macos-x86_64 1.2.0 212.00 NOTE
r-release-windows-x86_64 1.2.0 168.00 189.00 357.00 NOTE
r-oldrel-macos-arm64 1.2.0 102.00 NOTE
r-oldrel-macos-x86_64 1.2.0 140.00 NOTE
r-oldrel-windows-x86_64 1.2.0 150.00 178.00 328.00 NOTE

Check Details

Version: 1.2.0
Check: dependencies in R code
Result: NOTE
    Namespace in Imports field not imported from: ‘Rdpack’
     All declared Imports should be used.
Flavors: r-devel-linux-x86_64-fedora-clang, r-devel-linux-x86_64-fedora-gcc, r-oldrel-macos-arm64, r-oldrel-macos-x86_64

Version: 1.2.0
Check: installed package size
Result: NOTE
     installed size is 5.1Mb
     sub-directories of 1Mb or more:
     extdata 2.1Mb
     libs 1.4Mb
Flavors: r-devel-windows-x86_64, r-release-macos-arm64, r-release-macos-x86_64, r-release-windows-x86_64, r-oldrel-macos-arm64, r-oldrel-macos-x86_64, r-oldrel-windows-x86_64