CRAN Package Check Results for Package optiRum

Last updated on 2021-10-26 00:59:59 CEST.

Flavor Version Tinstall Tcheck Ttotal Status Flags
r-devel-linux-x86_64-debian-clang 0.40.1 6.41 73.71 80.12 NOTE
r-devel-linux-x86_64-debian-gcc 0.40.1 5.52 55.38 60.90 NOTE
r-devel-linux-x86_64-fedora-clang 0.40.1 107.89 NOTE
r-devel-linux-x86_64-fedora-gcc 0.40.1 92.64 NOTE
r-devel-windows-x86_64 0.40.1 12.00 104.00 116.00 NOTE
r-devel-windows-x86_64-gcc10-UCRT 0.40.1 NOTE
r-patched-linux-x86_64 0.40.1 7.17 69.46 76.63 NOTE
r-patched-solaris-x86 0.40.1 131.70 NOTE
r-release-linux-x86_64 0.40.1 5.73 68.58 74.31 NOTE
r-release-macos-arm64 0.40.1 NOTE
r-release-macos-x86_64 0.40.1 NOTE
r-release-windows-ix86+x86_64 0.40.1 12.00 100.00 112.00 NOTE
r-oldrel-macos-x86_64 0.40.1 OK
r-oldrel-windows-ix86+x86_64 0.40.1 17.00 97.00 114.00 OK

Check Details

Version: 0.40.1
Check: LazyData
Result: NOTE
     'LazyData' is specified without a 'data' directory
Flavors: r-devel-linux-x86_64-debian-clang, r-devel-linux-x86_64-debian-gcc, r-devel-linux-x86_64-fedora-clang, r-devel-linux-x86_64-fedora-gcc, r-devel-windows-x86_64, r-devel-windows-x86_64-gcc10-UCRT, r-patched-linux-x86_64, r-patched-solaris-x86, r-release-linux-x86_64, r-release-macos-arm64, r-release-macos-x86_64, r-release-windows-ix86+x86_64