Last updated on 2023-06-05 00:55:30 CEST.
Flavor | Version | Tinstall | Tcheck | Ttotal | Status | Flags |
---|---|---|---|---|---|---|
r-devel-linux-x86_64-debian-clang | 2.0.7 | 197.19 | 287.77 | 484.96 | OK | |
r-devel-linux-x86_64-debian-gcc | 2.0.7 | 140.06 | 220.43 | 360.49 | OK | |
r-devel-linux-x86_64-fedora-clang | 2.0.7 | 650.54 | OK | |||
r-devel-linux-x86_64-fedora-gcc | 2.0.7 | 633.30 | OK | |||
r-devel-windows-x86_64 | 2.0.7 | 143.00 | 249.00 | 392.00 | OK | |
r-patched-linux-x86_64 | 2.0.7 | 134.82 | 275.30 | 410.12 | OK | |
r-release-linux-x86_64 | 2.0.7 | 151.99 | 271.32 | 423.31 | OK | |
r-release-macos-arm64 | 2.0.7 | 166.00 | NOTE | |||
r-release-macos-x86_64 | 2.0.6 | 301.00 | NOTE | |||
r-release-windows-x86_64 | 2.0.7 | 185.00 | 314.00 | 499.00 | OK | |
r-oldrel-macos-arm64 | 2.0.7 | 147.00 | NOTE | |||
r-oldrel-macos-x86_64 | 2.0.7 | 201.00 | NOTE | |||
r-oldrel-windows-x86_64 | 2.0.7 | 179.00 | 296.00 | 475.00 | OK |
Version: 2.0.7
Check: installed package size
Result: NOTE
installed size is 6.1Mb
sub-directories of 1Mb or more:
extdata 1.8Mb
libs 3.2Mb
Flavors: r-release-macos-arm64, r-oldrel-macos-arm64, r-oldrel-macos-x86_64
Version: 2.0.6
Check: installed package size
Result: NOTE
installed size is 5.9Mb
sub-directories of 1Mb or more:
extdata 1.8Mb
libs 3.0Mb
Flavor: r-release-macos-x86_64