Last updated on 2023-10-03 01:04:58 CEST.
Flavor | Version | Tinstall | Tcheck | Ttotal | Status | Flags |
---|---|---|---|---|---|---|
r-devel-linux-x86_64-debian-clang | 0.3.3 | 2.21 | 27.33 | 29.54 | OK | |
r-devel-linux-x86_64-debian-gcc | 0.3.3 | 2.20 | 21.79 | 23.99 | OK | |
r-devel-linux-x86_64-fedora-clang | 0.3.3 | 39.57 | NOTE | |||
r-devel-linux-x86_64-fedora-gcc | 0.3.3 | 36.33 | OK | |||
r-devel-windows-x86_64 | 0.3.3 | 4.00 | 48.00 | 52.00 | OK | |
r-patched-linux-x86_64 | 0.3.2 | 2.72 | 30.26 | 32.98 | OK | |
r-release-linux-x86_64 | 0.3.3 | 2.20 | 26.86 | 29.06 | OK | |
r-release-macos-arm64 | 0.3.3 | 30.00 | OK | |||
r-release-macos-x86_64 | 0.3.3 | 47.00 | OK | |||
r-release-windows-x86_64 | 0.3.3 | 6.00 | 48.00 | 54.00 | OK | |
r-oldrel-macos-arm64 | 0.3.3 | 38.00 | OK | |||
r-oldrel-macos-x86_64 | 0.3.3 | 132.00 | OK | |||
r-oldrel-windows-x86_64 | 0.3.3 | 5.00 | 53.00 | 58.00 | OK |
Version: 0.3.3
Check: Rd cross-references
Result: NOTE
Undeclared package ‘R.utils’ in Rd xrefs
Flavor: r-devel-linux-x86_64-fedora-clang