CRAN Package Check Results for Package optparse

Last updated on 2021-10-17 00:48:45 CEST.

Flavor Version Tinstall Tcheck Ttotal Status Flags
r-devel-linux-x86_64-debian-clang 1.7.1 2.25 32.11 34.36 OK
r-devel-linux-x86_64-debian-gcc 1.7.1 1.93 25.68 27.61 OK
r-devel-linux-x86_64-fedora-clang 1.7.1 52.80 OK
r-devel-linux-x86_64-fedora-gcc 1.7.1 42.01 OK
r-devel-windows-x86_64 1.7.1 4.00 36.00 40.00 OK --no-vignettes
r-devel-windows-x86_64-gcc10-UCRT 1.7.1 OK
r-patched-linux-x86_64 1.7.1 2.71 31.01 33.72 OK
r-patched-solaris-x86 1.7.1 56.80 OK --no-vignettes
r-release-linux-x86_64 1.7.1 2.51 31.10 33.61 OK
r-release-macos-arm64 1.6.6 OK
r-release-macos-x86_64 1.7.1 WARN
r-release-windows-ix86+x86_64 1.7.1 4.00 30.00 34.00 OK --no-vignettes
r-oldrel-macos-x86_64 1.7.1 WARN
r-oldrel-windows-ix86+x86_64 1.6.6 6.00 39.00 45.00 OK --no-vignettes

Check Details

Version: 1.7.1
Check: re-building of vignette outputs
Result: WARN
    Error(s) in re-building vignettes:
     ...
    --- re-building ‘optparse.Rrst’ using knitr
    sh: +RTS: command not found
    Warning in system(command) : error in running command
    Error: processing vignette 'optparse.Rrst' failed with diagnostics:
    pandoc document conversion failed with error 127
    --- failed re-building ‘optparse.Rrst’
    
    SUMMARY: processing the following file failed:
     ‘optparse.Rrst’
    
    Error: Vignette re-building failed.
    Execution halted
Flavors: r-release-macos-x86_64, r-oldrel-macos-x86_64