CRAN Package Check Results for Package opusminer

Last updated on 2025-01-20 00:48:28 CET.

Flavor Version Tinstall Tcheck Ttotal Status Flags
r-devel-linux-x86_64-debian-clang 0.1-1 33.32 64.78 98.10 OK
r-devel-linux-x86_64-debian-gcc 0.1-1 22.93 48.26 71.19 OK
r-devel-linux-x86_64-fedora-clang 0.1-1 185.49 OK
r-devel-linux-x86_64-fedora-gcc 0.1-1 167.46 OK
r-devel-windows-x86_64 0.1-1 39.00 88.00 127.00 OK
r-patched-linux-x86_64 0.1-1 32.20 61.25 93.45 NOTE
r-release-linux-x86_64 0.1-1 27.95 61.25 89.20 NOTE
r-release-macos-arm64 0.1-1 45.00 NOTE
r-release-macos-x86_64 0.1-1 73.00 NOTE
r-release-windows-x86_64 0.1-1 38.00 88.00 126.00 NOTE
r-oldrel-macos-arm64 0.1-1 51.00 NOTE
r-oldrel-macos-x86_64 0.1-1 88.00 NOTE
r-oldrel-windows-x86_64 0.1-1 39.00 113.00 152.00 NOTE

Check Details

Version: 0.1-1
Check: LazyData
Result: NOTE 'LazyData' is specified without a 'data' directory Flavors: r-patched-linux-x86_64, r-release-linux-x86_64, r-release-macos-arm64, r-release-macos-x86_64, r-release-windows-x86_64, r-oldrel-macos-arm64, r-oldrel-macos-x86_64, r-oldrel-windows-x86_64