Last updated on 2023-06-09 00:54:29 CEST.
Flavor | Version | Tinstall | Tcheck | Ttotal | Status | Flags |
---|---|---|---|---|---|---|
r-devel-linux-x86_64-debian-clang | 0.7.1 | 49.28 | 290.66 | 339.94 | OK | |
r-devel-linux-x86_64-debian-gcc | 0.7.1 | 38.56 | 217.93 | 256.49 | OK | |
r-devel-linux-x86_64-fedora-clang | 0.7.1 | 439.53 | NOTE | |||
r-devel-linux-x86_64-fedora-gcc | 0.7.1 | 477.96 | NOTE | |||
r-devel-windows-x86_64 | 0.7.1 | 48.00 | 208.00 | 256.00 | NOTE | |
r-patched-linux-x86_64 | 0.7.1 | 45.24 | 277.75 | 322.99 | OK | |
r-release-linux-x86_64 | 0.7.1 | 43.41 | 271.86 | 315.27 | OK | |
r-release-macos-arm64 | 0.7.1 | 142.00 | NOTE | |||
r-release-macos-x86_64 | 0.7.1 | 238.00 | NOTE | |||
r-release-windows-x86_64 | 0.7.1 | 57.00 | 266.00 | 323.00 | NOTE | |
r-oldrel-macos-arm64 | 0.7.1 | 112.00 | NOTE | |||
r-oldrel-macos-x86_64 | 0.7.1 | 179.00 | NOTE | |||
r-oldrel-windows-x86_64 | 0.7.1 | 60.00 | 269.00 | 329.00 | NOTE |
Version: 0.7.1
Check: installed package size
Result: NOTE
installed size is 6.0Mb
sub-directories of 1Mb or more:
data 5.4Mb
Flavors: r-devel-linux-x86_64-fedora-clang, r-devel-windows-x86_64, r-release-macos-arm64, r-release-macos-x86_64, r-release-windows-x86_64, r-oldrel-macos-arm64, r-oldrel-macos-x86_64, r-oldrel-windows-x86_64
Version: 0.7.1
Check: data for non-ASCII characters
Result: NOTE
Note: found 36 marked UTF-8 strings
Flavors: r-devel-linux-x86_64-fedora-clang, r-devel-linux-x86_64-fedora-gcc