Last updated on 2023-09-27 23:37:40 CEST.
Flavor | Version | Tinstall | Tcheck | Ttotal | Status | Flags |
---|---|---|---|---|---|---|
r-devel-linux-x86_64-debian-clang | 0.1.1 | 12.66 | 138.44 | 151.10 | OK | |
r-devel-linux-x86_64-debian-gcc | 0.1.1 | 10.73 | 100.51 | 111.24 | OK | |
r-devel-linux-x86_64-fedora-clang | 0.1.1 | 195.58 | NOTE | |||
r-devel-linux-x86_64-fedora-gcc | 0.1.1 | 207.96 | NOTE | |||
r-devel-windows-x86_64 | 0.1.1 | 14.00 | 126.00 | 140.00 | OK | |
r-patched-linux-x86_64 | 0.1.1 | 16.50 | 129.51 | 146.01 | OK | |
r-release-linux-x86_64 | 0.1.1 | 8.52 | 127.16 | 135.68 | OK | |
r-release-macos-arm64 | 0.1.1 | 58.00 | OK | |||
r-release-macos-x86_64 | 0.1.1 | 84.00 | OK | |||
r-release-windows-x86_64 | 0.1.1 | 17.00 | 161.00 | 178.00 | OK | |
r-oldrel-macos-arm64 | 0.1.1 | 53.00 | NOTE | |||
r-oldrel-macos-x86_64 | 0.1.1 | 72.00 | NOTE | |||
r-oldrel-windows-x86_64 | 0.1.1 | 16.00 | 139.00 | 155.00 | OK |
Version: 0.1.1
Check: Rd cross-references
Result: NOTE
Undeclared package ‘pillar’ in Rd xrefs
Flavor: r-devel-linux-x86_64-fedora-clang
Version: 0.1.1
Check: data for non-ASCII characters
Result: NOTE
Note: found 4 marked UTF-8 strings
Flavors: r-devel-linux-x86_64-fedora-clang, r-devel-linux-x86_64-fedora-gcc, r-oldrel-macos-arm64, r-oldrel-macos-x86_64