Last updated on 2023-12-02 00:52:04 CET.
Flavor | Version | Tinstall | Tcheck | Ttotal | Status | Flags |
---|---|---|---|---|---|---|
r-devel-linux-x86_64-debian-clang | 0.1.0 | 2.07 | 20.85 | 22.92 | OK | |
r-devel-linux-x86_64-debian-gcc | 0.1.0 | 1.60 | 16.34 | 17.94 | OK | |
r-devel-linux-x86_64-fedora-clang | 0.1.0 | 30.89 | NOTE | |||
r-devel-linux-x86_64-fedora-gcc | 0.1.0 | 29.08 | NOTE | |||
r-devel-windows-x86_64 | 0.1.0 | 3.00 | 39.00 | 42.00 | NOTE | |
r-patched-linux-x86_64 | 0.1.0 | 2.24 | 20.62 | 22.86 | OK | |
r-release-linux-x86_64 | 0.1.0 | 1.77 | 20.41 | 22.18 | OK | |
r-release-macos-arm64 | 0.1.0 | 17.00 | NOTE | |||
r-release-macos-x86_64 | 0.1.0 | 18.00 | NOTE | |||
r-release-windows-x86_64 | 0.1.0 | 3.00 | 39.00 | 42.00 | NOTE | |
r-oldrel-macos-arm64 | 0.1.0 | 16.00 | NOTE | |||
r-oldrel-macos-x86_64 | 0.1.0 | 19.00 | NOTE | |||
r-oldrel-windows-x86_64 | 0.1.0 | 3.00 | 42.00 | 45.00 | NOTE |
Version: 0.1.0
Check: package dependencies
Result: NOTE
Package suggested but not available for checking: ‘Rcplex’
Flavors: r-devel-linux-x86_64-fedora-clang, r-devel-linux-x86_64-fedora-gcc, r-devel-windows-x86_64, r-release-macos-arm64, r-release-macos-x86_64, r-release-windows-x86_64, r-oldrel-macos-arm64, r-oldrel-macos-x86_64, r-oldrel-windows-x86_64