CRAN Package Check Results for Package otpr

Last updated on 2021-10-22 00:50:34 CEST.

Flavor Version Tinstall Tcheck Ttotal Status Flags
r-devel-linux-x86_64-debian-clang 0.5.0 4.47 45.90 50.37 NOTE
r-devel-linux-x86_64-debian-gcc 0.5.0 3.71 34.33 38.04 NOTE
r-devel-linux-x86_64-fedora-clang 0.5.0 69.96 NOTE
r-devel-linux-x86_64-fedora-gcc 0.5.0 58.90 NOTE
r-devel-windows-x86_64 0.5.0 9.00 70.00 79.00 NOTE
r-devel-windows-x86_64-gcc10-UCRT 0.5.0 NOTE
r-patched-linux-x86_64 0.5.0 4.96 42.66 47.62 NOTE
r-patched-solaris-x86 0.5.0 87.70 NOTE
r-release-linux-x86_64 0.5.0 3.70 43.01 46.71 NOTE
r-release-macos-arm64 0.5.0 NOTE
r-release-macos-x86_64 0.5.0 NOTE
r-release-windows-ix86+x86_64 0.5.0 15.00 65.00 80.00 NOTE
r-oldrel-macos-x86_64 0.5.0 OK
r-oldrel-windows-ix86+x86_64 0.5.0 12.00 62.00 74.00 OK

Check Details

Version: 0.5.0
Check: LazyData
Result: NOTE
     'LazyData' is specified without a 'data' directory
Flavors: r-devel-linux-x86_64-debian-clang, r-devel-linux-x86_64-debian-gcc, r-devel-linux-x86_64-fedora-clang, r-devel-linux-x86_64-fedora-gcc, r-devel-windows-x86_64, r-devel-windows-x86_64-gcc10-UCRT, r-patched-linux-x86_64, r-patched-solaris-x86, r-release-linux-x86_64, r-release-macos-arm64, r-release-macos-x86_64, r-release-windows-ix86+x86_64