CRAN Package Check Results for Package outbreaker2

Last updated on 2021-10-22 00:50:34 CEST.

Flavor Version Tinstall Tcheck Ttotal Status Flags
r-devel-linux-x86_64-debian-clang 1.1.2 47.02 1054.48 1101.50 OK
r-devel-linux-x86_64-debian-gcc 1.1.2 38.21 767.71 805.92 OK
r-devel-linux-x86_64-fedora-clang 1.1.2 1434.76 NOTE
r-devel-linux-x86_64-fedora-gcc 1.1.2 813.80 OK
r-devel-windows-x86_64 1.1.2 66.00 1219.00 1285.00 OK
r-devel-windows-x86_64-gcc10-UCRT 1.1.2 WARN
r-patched-linux-x86_64 1.1.2 43.70 987.78 1031.48 OK
r-patched-solaris-x86 1.1.2 187.40 OK
r-release-linux-x86_64 1.1.2 46.19 976.78 1022.97 OK
r-release-macos-arm64 1.1.2 NOTE
r-release-macos-x86_64 1.1.2 WARN
r-release-windows-ix86+x86_64 1.1.2 127.00 1191.00 1318.00 OK
r-oldrel-macos-x86_64 1.1.2 WARN
r-oldrel-windows-ix86+x86_64 1.1.2 127.00 1199.00 1326.00 OK

Check Details

Version: 1.1.2
Check: Rd cross-references
Result: NOTE
    Undeclared package ‘adegenet’ in Rd xrefs
Flavor: r-devel-linux-x86_64-fedora-clang

Version: 1.1.2
Check: package dependencies
Result: NOTE
    Packages suggested but not available for checking: 'igraph', 'epicontacts'
Flavor: r-devel-windows-x86_64-gcc10-UCRT

Version: 1.1.2
Check: Rd cross-references
Result: NOTE
    Package unavailable to check Rd xrefs: 'adegenet'
Flavor: r-devel-windows-x86_64-gcc10-UCRT

Version: 1.1.2
Check: re-building of vignette outputs
Result: WARN
    Error(s) in re-building vignettes:
    --- re-building 'Rcpp_API.Rmd' using rmarkdown
    --- finished re-building 'Rcpp_API.Rmd'
    
    --- re-building 'customisation.Rmd' using rmarkdown
    Quitting from lines 252-263 (customisation.Rmd)
    Error: processing vignette 'customisation.Rmd' failed with diagnostics:
    there is no package called 'igraph'
    --- failed re-building 'customisation.Rmd'
    
    --- re-building 'introduction.Rmd' using rmarkdown
    Quitting from lines 84-96 (introduction.Rmd)
    Error: processing vignette 'introduction.Rmd' failed with diagnostics:
    there is no package called 'igraph'
    --- failed re-building 'introduction.Rmd'
    
    --- re-building 'overview.Rmd' using rmarkdown
    --- finished re-building 'overview.Rmd'
    
    SUMMARY: processing the following files failed:
     'customisation.Rmd' 'introduction.Rmd'
    
    Error: Vignette re-building failed.
    Execution halted
Flavor: r-devel-windows-x86_64-gcc10-UCRT

Version: 1.1.2
Check: installed package size
Result: NOTE
     installed size is 5.0Mb
     sub-directories of 1Mb or more:
     doc 1.9Mb
     libs 2.9Mb
Flavor: r-release-macos-arm64

Version: 1.1.2
Check: re-building of vignette outputs
Result: WARN
    Error(s) in re-building vignettes:
    --- re-building ‘Rcpp_API.Rmd’ using rmarkdown
    Warning in engine$weave(file, quiet = quiet, encoding = enc) :
     Pandoc (>= 1.12.3) not available. Falling back to R Markdown v1.
    --- finished re-building ‘Rcpp_API.Rmd’
    
    --- re-building ‘customisation.Rmd’ using rmarkdown
    Warning in engine$weave(file, quiet = quiet, encoding = enc) :
     Pandoc (>= 1.12.3) not available. Falling back to R Markdown v1.
    --- finished re-building ‘customisation.Rmd’
    
    --- re-building ‘introduction.Rmd’ using rmarkdown
    Warning in engine$weave(file, quiet = quiet, encoding = enc) :
     Pandoc (>= 1.12.3) not available. Falling back to R Markdown v1.
    Quitting from lines 185-198 (introduction.Rmd)
    Error: processing vignette 'introduction.Rmd' failed with diagnostics:
    invalid 'path' argument
    --- failed re-building ‘introduction.Rmd’
    
    --- re-building ‘overview.Rmd’ using rmarkdown
    Warning in engine$weave(file, quiet = quiet, encoding = enc) :
     Pandoc (>= 1.12.3) not available. Falling back to R Markdown v1.
    --- finished re-building ‘overview.Rmd’
    
    SUMMARY: processing the following file failed:
     ‘introduction.Rmd’
    
    Error: Vignette re-building failed.
    Execution halted
Flavor: r-release-macos-x86_64

Version: 1.1.2
Check: re-building of vignette outputs
Result: WARN
    Error(s) in re-building vignettes:
    --- re-building ‘Rcpp_API.Rmd’ using rmarkdown
    Warning in engine$weave(file, quiet = quiet, encoding = enc) :
     Pandoc (>= 1.12.3) and/or pandoc-citeproc not available. Falling back to R Markdown v1.
    --- finished re-building ‘Rcpp_API.Rmd’
    
    --- re-building ‘customisation.Rmd’ using rmarkdown
    Warning in engine$weave(file, quiet = quiet, encoding = enc) :
     Pandoc (>= 1.12.3) and/or pandoc-citeproc not available. Falling back to R Markdown v1.
    --- finished re-building ‘customisation.Rmd’
    
    --- re-building ‘introduction.Rmd’ using rmarkdown
    Warning in engine$weave(file, quiet = quiet, encoding = enc) :
     Pandoc (>= 1.12.3) and/or pandoc-citeproc not available. Falling back to R Markdown v1.
    Quitting from lines 185-198 (introduction.Rmd)
    Error: processing vignette 'introduction.Rmd' failed with diagnostics:
    invalid 'path' argument
    --- failed re-building ‘introduction.Rmd’
    
    --- re-building ‘overview.Rmd’ using rmarkdown
    Warning in engine$weave(file, quiet = quiet, encoding = enc) :
     Pandoc (>= 1.12.3) and/or pandoc-citeproc not available. Falling back to R Markdown v1.
    --- finished re-building ‘overview.Rmd’
    
    SUMMARY: processing the following file failed:
     ‘introduction.Rmd’
    
    Error: Vignette re-building failed.
    Execution halted
Flavor: r-oldrel-macos-x86_64