Last updated on 2023-09-24 00:56:48 CEST.
Flavor | Version | Tinstall | Tcheck | Ttotal | Status | Flags |
---|---|---|---|---|---|---|
r-devel-linux-x86_64-debian-clang | 0.4-0 | 2.64 | 32.96 | 35.60 | NOTE | |
r-devel-linux-x86_64-debian-gcc | 0.4-0 | 1.90 | 25.34 | 27.24 | NOTE | |
r-devel-linux-x86_64-fedora-clang | 0.4-0 | 44.10 | NOTE | |||
r-devel-linux-x86_64-fedora-gcc | 0.4-0 | 53.64 | NOTE | |||
r-devel-windows-x86_64 | 0.4-0 | 4.00 | 48.00 | 52.00 | NOTE | |
r-patched-linux-x86_64 | 0.4-0 | 3.65 | 32.40 | 36.05 | NOTE | |
r-release-linux-x86_64 | 0.4-0 | 2.15 | 32.39 | 34.54 | NOTE | |
r-release-macos-arm64 | 0.4-0 | 24.00 | NOTE | |||
r-release-macos-x86_64 | 0.4-0 | 35.00 | NOTE | |||
r-release-windows-x86_64 | 0.4-0 | 4.00 | 48.00 | 52.00 | NOTE | |
r-oldrel-macos-arm64 | 0.4-0 | 22.00 | NOTE | |||
r-oldrel-macos-x86_64 | 0.4-0 | 30.00 | NOTE | |||
r-oldrel-windows-x86_64 | 0.4-0 | 5.00 | 52.00 | 57.00 | NOTE |
Version: 0.4-0
Check: LazyData
Result: NOTE
'LazyData' is specified without a 'data' directory
Flavors: r-devel-linux-x86_64-debian-clang, r-devel-linux-x86_64-debian-gcc, r-devel-linux-x86_64-fedora-clang, r-devel-linux-x86_64-fedora-gcc, r-devel-windows-x86_64, r-patched-linux-x86_64, r-release-linux-x86_64, r-release-macos-arm64, r-release-macos-x86_64, r-release-windows-x86_64, r-oldrel-macos-arm64, r-oldrel-macos-x86_64, r-oldrel-windows-x86_64