CRAN Package Check Results for Package oysteR

Last updated on 2023-09-24 23:59:56 CEST.

Flavor Version Tinstall Tcheck Ttotal Status Flags
r-devel-linux-x86_64-debian-clang 0.1.1 5.57 47.06 52.63 NOTE
r-devel-linux-x86_64-debian-gcc 0.1.1 4.40 35.77 40.17 NOTE
r-devel-linux-x86_64-fedora-clang 0.1.1 63.19 NOTE
r-devel-linux-x86_64-fedora-gcc 0.1.1 61.95 NOTE
r-devel-windows-x86_64 0.1.1 6.00 56.00 62.00 NOTE
r-patched-linux-x86_64 0.1.1 3.82 44.81 48.63 NOTE
r-release-linux-x86_64 0.1.1 3.97 45.28 49.25 NOTE
r-release-macos-arm64 0.1.1 21.00 NOTE
r-release-macos-x86_64 0.1.1 29.00 NOTE
r-release-windows-x86_64 0.1.1 8.00 60.00 68.00 NOTE
r-oldrel-macos-arm64 0.1.1 21.00 NOTE
r-oldrel-macos-x86_64 0.1.1 40.00 NOTE
r-oldrel-windows-x86_64 0.1.1 8.00 66.00 74.00 NOTE

Check Details

Version: 0.1.1
Check: LazyData
Result: NOTE
     'LazyData' is specified without a 'data' directory
Flavors: r-devel-linux-x86_64-debian-clang, r-devel-linux-x86_64-debian-gcc, r-devel-linux-x86_64-fedora-clang, r-devel-linux-x86_64-fedora-gcc, r-devel-windows-x86_64, r-patched-linux-x86_64, r-release-linux-x86_64, r-release-macos-arm64, r-release-macos-x86_64, r-release-windows-x86_64, r-oldrel-macos-arm64, r-oldrel-macos-x86_64, r-oldrel-windows-x86_64