CRAN Package Check Results for Package packDAMipd

Last updated on 2021-10-22 00:50:34 CEST.

Flavor Version Tinstall Tcheck Ttotal Status Flags
r-devel-linux-x86_64-debian-clang 0.2.2 26.40 328.08 354.48 OK
r-devel-linux-x86_64-debian-gcc 0.2.2 20.78 241.56 262.34 OK
r-devel-linux-x86_64-fedora-clang 0.2.2 425.92 NOTE
r-devel-linux-x86_64-fedora-gcc 0.2.2 424.07 NOTE
r-devel-windows-x86_64 0.2.2 49.00 478.00 527.00 OK
r-devel-windows-x86_64-gcc10-UCRT 0.2.2 NOTE
r-patched-linux-x86_64 0.2.2 26.08 335.34 361.42 OK
r-patched-solaris-x86 0.2.2 516.10 NOTE
r-release-linux-x86_64 0.2.2 22.31 334.62 356.93 OK
r-release-macos-arm64 0.2.2 NOTE
r-release-macos-x86_64 0.2.2 NOTE
r-release-windows-ix86+x86_64 0.2.2 71.00 491.00 562.00 OK
r-oldrel-macos-x86_64 0.2.2 NOTE
r-oldrel-windows-ix86+x86_64 0.2.2 79.00 509.00 588.00 OK

Check Details

Version: 0.2.2
Check: package dependencies
Result: NOTE
    Imports includes 29 non-default packages.
    Importing from so many packages makes the package vulnerable to any of
    them becoming unavailable. Move as many as possible to Suggests and
    use conditionally.
Flavor: r-devel-linux-x86_64-fedora-clang

Version: 0.2.2
Check: dependencies in R code
Result: NOTE
    Namespaces in Imports field not imported from:
     ‘flexsurv’ ‘nlme’ ‘tibble’ ‘tidyverse’ ‘tm’
     All declared Imports should be used.
Flavors: r-devel-linux-x86_64-fedora-clang, r-devel-linux-x86_64-fedora-gcc, r-devel-windows-x86_64-gcc10-UCRT, r-patched-solaris-x86, r-release-macos-arm64, r-release-macos-x86_64, r-oldrel-macos-x86_64

Version: 0.2.2
Check: installed package size
Result: NOTE
     installed size is 5.1Mb
     sub-directories of 1Mb or more:
     extdata 3.8Mb
Flavor: r-patched-solaris-x86