Last updated on 2023-02-02 00:54:53 CET.
Flavor | Version | Tinstall | Tcheck | Ttotal | Status | Flags |
---|---|---|---|---|---|---|
r-devel-linux-x86_64-debian-clang | 0.2.2 | 30.41 | 408.55 | 438.96 | OK | |
r-devel-linux-x86_64-debian-gcc | 0.2.2 | 22.44 | 295.03 | 317.47 | OK | |
r-devel-linux-x86_64-fedora-clang | 0.2.2 | 546.41 | NOTE | |||
r-devel-linux-x86_64-fedora-gcc | 0.2.2 | 556.78 | NOTE | |||
r-devel-windows-x86_64 | 0.2.2 | 124.00 | 536.00 | 660.00 | OK | |
r-patched-linux-x86_64 | 0.2.2 | 30.16 | 375.28 | 405.44 | OK | |
r-release-linux-x86_64 | 0.2.2 | 28.39 | 360.69 | 389.08 | OK | |
r-release-macos-arm64 | 0.2.2 | 122.00 | NOTE | |||
r-release-macos-x86_64 | 0.2.2 | 207.00 | NOTE | |||
r-release-windows-x86_64 | 0.2.2 | 134.00 | 509.00 | 643.00 | OK | |
r-oldrel-macos-arm64 | 0.2.2 | 187.00 | NOTE | |||
r-oldrel-macos-x86_64 | 0.2.2 | 267.00 | NOTE | |||
r-oldrel-windows-ix86+x86_64 | 0.2.2 | 69.00 | 494.00 | 563.00 | OK |
Version: 0.2.2
Check: package dependencies
Result: NOTE
Imports includes 29 non-default packages.
Importing from so many packages makes the package vulnerable to any of
them becoming unavailable. Move as many as possible to Suggests and
use conditionally.
Flavor: r-devel-linux-x86_64-fedora-clang
Version: 0.2.2
Check: dependencies in R code
Result: NOTE
Namespaces in Imports field not imported from:
‘flexsurv’ ‘nlme’ ‘tibble’ ‘tidyverse’ ‘tm’
All declared Imports should be used.
Flavors: r-devel-linux-x86_64-fedora-clang, r-devel-linux-x86_64-fedora-gcc, r-release-macos-arm64, r-release-macos-x86_64, r-oldrel-macos-arm64, r-oldrel-macos-x86_64