CRAN Package Check Results for Package padr

Last updated on 2021-10-21 00:49:54 CEST.

Flavor Version Tinstall Tcheck Ttotal Status Flags
r-devel-linux-x86_64-debian-clang 0.6.0 34.13 70.29 104.42 OK
r-devel-linux-x86_64-debian-gcc 0.6.0 26.42 53.15 79.57 OK
r-devel-linux-x86_64-fedora-clang 0.6.0 157.53 OK
r-devel-linux-x86_64-fedora-gcc 0.6.0 134.22 OK
r-devel-windows-x86_64 0.6.0 54.00 116.00 170.00 OK
r-devel-windows-x86_64-gcc10-UCRT 0.6.0 OK
r-patched-linux-x86_64 0.6.0 28.84 69.86 98.70 OK
r-patched-solaris-x86 0.6.0 144.30 OK
r-release-linux-x86_64 0.6.0 32.27 71.02 103.29 OK
r-release-macos-arm64 0.6.0 OK
r-release-macos-x86_64 0.6.0 OK
r-release-windows-ix86+x86_64 0.6.0 73.00 142.00 215.00 NOTE
r-oldrel-macos-x86_64 0.6.0 OK
r-oldrel-windows-ix86+x86_64 0.6.0 95.00 148.00 243.00 NOTE

Check Details

Version: 0.6.0
Check: installed package size
Result: NOTE
     installed size is 5.2Mb
     sub-directories of 1Mb or more:
     data 1.7Mb
     doc 1.3Mb
     libs 2.0Mb
Flavors: r-release-windows-ix86+x86_64, r-oldrel-windows-ix86+x86_64