CRAN Package Check Results for Package pageviews

Last updated on 2023-05-30 00:59:52 CEST.

Flavor Version Tinstall Tcheck Ttotal Status Flags
r-devel-linux-x86_64-debian-clang 0.5.0 2.38 34.64 37.02 NOTE
r-devel-linux-x86_64-debian-gcc 0.5.0 1.86 26.46 28.32 NOTE
r-devel-linux-x86_64-fedora-clang 0.5.0 45.30 NOTE
r-devel-linux-x86_64-fedora-gcc 0.5.0 54.81 NOTE
r-devel-windows-x86_64 0.5.0 4.00 50.00 54.00 NOTE
r-patched-linux-x86_64 0.5.0 2.63 32.85 35.48 NOTE
r-release-linux-x86_64 0.5.0 1.96 32.97 34.93 NOTE
r-release-macos-arm64 0.5.0 41.00 NOTE
r-release-macos-x86_64 0.5.0 49.00 NOTE
r-release-windows-x86_64 0.5.0 4.00 59.00 63.00 NOTE
r-oldrel-macos-arm64 0.5.0 34.00 NOTE
r-oldrel-macos-x86_64 0.5.0 42.00 NOTE
r-oldrel-windows-x86_64 0.5.0 4.00 59.00 63.00 NOTE

Check Details

Version: 0.5.0
Check: LazyData
Result: NOTE
     'LazyData' is specified without a 'data' directory
Flavors: r-devel-linux-x86_64-debian-clang, r-devel-linux-x86_64-debian-gcc, r-devel-linux-x86_64-fedora-clang, r-devel-linux-x86_64-fedora-gcc, r-devel-windows-x86_64, r-patched-linux-x86_64, r-release-linux-x86_64, r-release-macos-arm64, r-release-macos-x86_64, r-release-windows-x86_64, r-oldrel-macos-arm64, r-oldrel-macos-x86_64, r-oldrel-windows-x86_64