CRAN Package Check Results for Package pairsD3

Last updated on 2021-10-16 00:49:24 CEST.

Flavor Version Tinstall Tcheck Ttotal Status Flags
r-devel-linux-x86_64-debian-clang 0.1.0 3.53 33.37 36.90 NOTE
r-devel-linux-x86_64-debian-gcc 0.1.0 2.73 26.99 29.72 NOTE
r-devel-linux-x86_64-fedora-clang 0.1.0 55.46 NOTE
r-devel-linux-x86_64-fedora-gcc 0.1.0 44.66 NOTE
r-devel-windows-x86_64 0.1.0 5.00 41.00 46.00 NOTE
r-devel-windows-x86_64-gcc10-UCRT 0.1.0 NOTE
r-patched-linux-x86_64 0.1.0 3.48 33.46 36.94 NOTE
r-patched-solaris-x86 0.1.0 71.40 NOTE
r-release-linux-x86_64 0.1.0 3.50 33.15 36.65 NOTE
r-release-macos-arm64 0.1.0 NOTE
r-release-macos-x86_64 0.1.0 NOTE
r-release-windows-ix86+x86_64 0.1.0 9.00 55.00 64.00 NOTE
r-oldrel-macos-x86_64 0.1.0 NOTE
r-oldrel-windows-ix86+x86_64 0.1.0 9.00 57.00 66.00 NOTE

Check Details

Version: 0.1.0
Check: R code for possible problems
Result: NOTE
    pairsD3: no visible global function definition for 'gray.colors'
    Undefined global functions or variables:
     gray.colors
    Consider adding
     importFrom("grDevices", "gray.colors")
    to your NAMESPACE file.
Flavors: r-devel-linux-x86_64-debian-clang, r-devel-linux-x86_64-debian-gcc, r-devel-linux-x86_64-fedora-clang, r-devel-linux-x86_64-fedora-gcc, r-devel-windows-x86_64, r-devel-windows-x86_64-gcc10-UCRT, r-patched-linux-x86_64, r-patched-solaris-x86, r-release-linux-x86_64, r-release-macos-arm64, r-release-macos-x86_64, r-release-windows-ix86+x86_64, r-oldrel-macos-x86_64, r-oldrel-windows-ix86+x86_64

Version: 0.1.0
Check: LazyData
Result: NOTE
     'LazyData' is specified without a 'data' directory
Flavors: r-devel-linux-x86_64-debian-clang, r-devel-linux-x86_64-debian-gcc, r-devel-linux-x86_64-fedora-clang, r-devel-linux-x86_64-fedora-gcc, r-devel-windows-x86_64, r-devel-windows-x86_64-gcc10-UCRT, r-patched-linux-x86_64, r-patched-solaris-x86, r-release-linux-x86_64, r-release-macos-arm64, r-release-macos-x86_64, r-release-windows-ix86+x86_64