CRAN Package Check Results for Package paleobioDB

Last updated on 2021-10-27 00:51:13 CEST.

Flavor Version Tinstall Tcheck Ttotal Status Flags
r-devel-linux-x86_64-debian-clang 0.7.0 24.11 215.37 239.48 NOTE
r-devel-linux-x86_64-debian-gcc 0.7.0 21.19 158.09 179.28 NOTE
r-devel-linux-x86_64-fedora-clang 0.7.0 291.52 NOTE
r-devel-linux-x86_64-fedora-gcc 0.7.0 285.06 NOTE
r-devel-windows-x86_64 0.7.0 37.00 230.00 267.00 NOTE
r-devel-windows-x86_64-gcc10-UCRT 0.7.0 NOTE
r-patched-linux-x86_64 0.7.0 24.57 208.48 233.05 NOTE
r-patched-solaris-x86 0.7.0 168.60 NOTE
r-release-linux-x86_64 0.7.0 23.00 209.93 232.93 NOTE
r-release-macos-arm64 0.7.0 NOTE
r-release-macos-x86_64 0.7.0 NOTE
r-release-windows-ix86+x86_64 0.7.0 38.00 256.00 294.00 NOTE
r-oldrel-macos-x86_64 0.7.0 OK
r-oldrel-windows-ix86+x86_64 0.7.0 23.00 110.00 133.00 OK

Check Details

Version: 0.7.0
Check: LazyData
Result: NOTE
     'LazyData' is specified without a 'data' directory
Flavors: r-devel-linux-x86_64-debian-clang, r-devel-linux-x86_64-debian-gcc, r-devel-linux-x86_64-fedora-clang, r-devel-linux-x86_64-fedora-gcc, r-devel-windows-x86_64, r-devel-windows-x86_64-gcc10-UCRT, r-patched-linux-x86_64, r-patched-solaris-x86, r-release-linux-x86_64, r-release-macos-arm64, r-release-macos-x86_64, r-release-windows-ix86+x86_64