Last updated on 2023-05-30 00:59:52 CEST.
Flavor | Version | Tinstall | Tcheck | Ttotal | Status | Flags |
---|---|---|---|---|---|---|
r-devel-linux-x86_64-debian-clang | 0.7.0 | 35.30 | 282.02 | 317.32 | NOTE | |
r-devel-linux-x86_64-debian-gcc | 0.7.0 | 25.70 | 212.87 | 238.57 | NOTE | |
r-devel-linux-x86_64-fedora-clang | 0.7.0 | 392.76 | NOTE | |||
r-devel-linux-x86_64-fedora-gcc | 0.7.0 | 370.81 | NOTE | |||
r-devel-windows-x86_64 | 0.7.0 | 26.00 | 196.00 | 222.00 | NOTE | |
r-patched-linux-x86_64 | 0.7.0 | 35.96 | 268.62 | 304.58 | NOTE | |
r-release-linux-x86_64 | 0.7.0 | 29.35 | 274.49 | 303.84 | NOTE | |
r-release-macos-arm64 | 0.7.0 | 92.00 | NOTE | |||
r-release-macos-x86_64 | 0.7.0 | 165.00 | NOTE | |||
r-release-windows-x86_64 | 0.7.0 | 34.00 | 264.00 | 298.00 | NOTE | |
r-oldrel-macos-arm64 | 0.7.0 | 71.00 | NOTE | |||
r-oldrel-macos-x86_64 | 0.7.0 | 106.00 | NOTE | |||
r-oldrel-windows-x86_64 | 0.7.0 | 36.00 | 243.00 | 279.00 | NOTE |
Version: 0.7.0
Check: LazyData
Result: NOTE
'LazyData' is specified without a 'data' directory
Flavors: r-devel-linux-x86_64-debian-clang, r-devel-linux-x86_64-debian-gcc, r-devel-linux-x86_64-fedora-clang, r-devel-linux-x86_64-fedora-gcc, r-devel-windows-x86_64, r-patched-linux-x86_64, r-release-linux-x86_64, r-release-macos-arm64, r-release-macos-x86_64, r-release-windows-x86_64, r-oldrel-macos-arm64, r-oldrel-macos-x86_64, r-oldrel-windows-x86_64