CRAN Package Check Results for Package pals

Last updated on 2024-06-14 00:53:52 CEST.

Flavor Version Tinstall Tcheck Ttotal Status Flags
r-devel-linux-x86_64-debian-clang 1.8 5.03 94.58 99.61 OK
r-devel-linux-x86_64-debian-gcc 1.8 3.74 61.34 65.08 ERROR
r-devel-linux-x86_64-fedora-clang 1.8 130.40 OK
r-devel-linux-x86_64-fedora-gcc 1.8 138.56 OK
r-devel-windows-x86_64 1.8 6.00 100.00 106.00 OK
r-patched-linux-x86_64 1.8 5.19 93.28 98.47 OK
r-release-linux-x86_64 1.8 5.08 91.83 96.91 OK
r-release-macos-arm64 1.8 51.00 OK
r-release-macos-x86_64 1.8 69.00 OK
r-release-windows-x86_64 1.8 6.00 104.00 110.00 OK
r-oldrel-macos-arm64 1.8 45.00 OK
r-oldrel-macos-x86_64 1.8 116.00 OK
r-oldrel-windows-x86_64 1.8 5.00 119.00 124.00 OK

Check Details

Version: 1.8
Check: package dependencies
Result: NOTE Packages suggested but not available for checking: 'ggplot2', 'reshape2', 'testthat' Flavor: r-devel-linux-x86_64-debian-gcc

Version: 1.8
Check: tests
Result: ERROR Running ‘testthat.R’ [0s/0s] Running the tests in ‘tests/testthat.R’ failed. Complete output: > library(testthat) Error in library(testthat) : there is no package called 'testthat' Execution halted Flavor: r-devel-linux-x86_64-debian-gcc

Version: 1.8
Check: re-building of vignette outputs
Result: ERROR Error(s) in re-building vignettes: ... --- re-building ‘bivariate_choropleths.Rmd’ using rmarkdown ** Processing: /home/hornik/tmp/R.check/r-devel-gcc/Work/PKGS/pals.Rcheck/vign_test/pals/vignettes/bivariate_choropleths_files/figure-html/unnamed-chunk-1-1.png 576x576 pixels, 3x8 bits/pixel, RGB Input IDAT size = 216904 bytes Input file size = 217294 bytes Trying: zc = 9 zm = 8 zs = 0 f = 0 IDAT size = 163837 zc = 9 zm = 8 zs = 1 f = 0 zc = 1 zm = 8 zs = 2 f = 0 zc = 9 zm = 8 zs = 3 f = 0 zc = 9 zm = 8 zs = 0 f = 5 zc = 9 zm = 8 zs = 1 f = 5 zc = 1 zm = 8 zs = 2 f = 5 zc = 9 zm = 8 zs = 3 f = 5 Selecting parameters: zc = 9 zm = 8 zs = 0 f = 0 IDAT size = 163837 Output IDAT size = 163837 bytes (53067 bytes decrease) Output file size = 163915 bytes (53379 bytes = 24.57% decrease) ** Processing: /home/hornik/tmp/R.check/r-devel-gcc/Work/PKGS/pals.Rcheck/vign_test/pals/vignettes/bivariate_choropleths_files/figure-html/unnamed-chunk-2-1.png 576x576 pixels, 3x8 bits/pixel, RGB Input IDAT size = 38218 bytes Input file size = 38344 bytes Trying: zc = 9 zm = 8 zs = 0 f = 0 IDAT size = 28405 zc = 9 zm = 8 zs = 1 f = 0 zc = 1 zm = 8 zs = 2 f = 0 zc = 9 zm = 8 zs = 3 f = 0 zc = 9 zm = 8 zs = 0 f = 5 zc = 9 zm = 8 zs = 1 f = 5 zc = 1 zm = 8 zs = 2 f = 5 zc = 9 zm = 8 zs = 3 f = 5 Selecting parameters: zc = 9 zm = 8 zs = 0 f = 0 IDAT size = 28405 Output IDAT size = 28405 bytes (9813 bytes decrease) Output file size = 28483 bytes (9861 bytes = 25.72% decrease) ** Processing: /home/hornik/tmp/R.check/r-devel-gcc/Work/PKGS/pals.Rcheck/vign_test/pals/vignettes/bivariate_choropleths_files/figure-html/unnamed-chunk-3-1.png 768x576 pixels, 3x8 bits/pixel, RGB Input IDAT size = 257649 bytes Input file size = 258099 bytes Trying: zc = 9 zm = 8 zs = 0 f = 0 IDAT size = 203759 zc = 9 zm = 8 zs = 1 f = 0 zc = 1 zm = 8 zs = 2 f = 0 zc = 9 zm = 8 zs = 3 f = 0 zc = 9 zm = 8 zs = 0 f = 5 zc = 9 zm = 8 zs = 1 f = 5 zc = 1 zm = 8 zs = 2 f = 5 zc = 9 zm = 8 zs = 3 f = 5 Selecting parameters: zc = 9 zm = 8 zs = 0 f = 0 IDAT size = 203759 Output IDAT size = 203759 bytes (53890 bytes decrease) Output file size = 203837 bytes (54262 bytes = 21.02% decrease) ** Processing: /home/hornik/tmp/R.check/r-devel-gcc/Work/PKGS/pals.Rcheck/vign_test/pals/vignettes/bivariate_choropleths_files/figure-html/unnamed-chunk-3-2.png 768x576 pixels, 3x8 bits/pixel, RGB Input IDAT size = 257649 bytes Input file size = 258099 bytes Trying: zc = 9 zm = 8 zs = 0 f = 0 IDAT size = 203759 zc = 9 zm = 8 zs = 1 f = 0 zc = 1 zm = 8 zs = 2 f = 0 zc = 9 zm = 8 zs = 3 f = 0 zc = 9 zm = 8 zs = 0 f = 5 zc = 9 zm = 8 zs = 1 f = 5 zc = 1 zm = 8 zs = 2 f = 5 zc = 9 zm = 8 zs = 3 f = 5 Selecting parameters: zc = 9 zm = 8 zs = 0 f = 0 IDAT size = 203759 Output IDAT size = 203759 bytes (53890 bytes decrease) Output file size = 203837 bytes (54262 bytes = 21.02% decrease) --- finished re-building ‘bivariate_choropleths.Rmd’ --- re-building ‘pals_examples.Rmd’ using rmarkdown ** Processing: /home/hornik/tmp/R.check/r-devel-gcc/Work/PKGS/pals.Rcheck/vign_test/pals/vignettes/pals_examples_files/figure-html/unnamed-chunk-1-1.png 576x576 pixels, 3x8 bits/pixel, RGB Input IDAT size = 14887 bytes Input file size = 14977 bytes Trying: zc = 9 zm = 8 zs = 0 f = 0 IDAT size = 14309 zc = 9 zm = 8 zs = 1 f = 0 zc = 1 zm = 8 zs = 2 f = 0 zc = 9 zm = 8 zs = 3 f = 0 zc = 9 zm = 8 zs = 0 f = 5 IDAT size = 13509 zc = 9 zm = 8 zs = 1 f = 5 zc = 1 zm = 8 zs = 2 f = 5 zc = 9 zm = 8 zs = 3 f = 5 Selecting parameters: zc = 9 zm = 8 zs = 0 f = 5 IDAT size = 13509 Output IDAT size = 13509 bytes (1378 bytes decrease) Output file size = 13587 bytes (1390 bytes = 9.28% decrease) ** Processing: /home/hornik/tmp/R.check/r-devel-gcc/Work/PKGS/pals.Rcheck/vign_test/pals/vignettes/pals_examples_files/figure-html/unnamed-chunk-2-1.png 576x576 pixels, 3x8 bits/pixel, RGB Input IDAT size = 11453 bytes Input file size = 11543 bytes Trying: zc = 9 zm = 8 zs = 0 f = 0 IDAT size = 11047 zc = 9 zm = 8 zs = 1 f = 0 zc = 1 zm = 8 zs = 2 f = 0 zc = 9 zm = 8 zs = 3 f = 0 zc = 9 zm = 8 zs = 0 f = 5 IDAT size = 10176 zc = 9 zm = 8 zs = 1 f = 5 zc = 1 zm = 8 zs = 2 f = 5 zc = 9 zm = 8 zs = 3 f = 5 Selecting parameters: zc = 9 zm = 8 zs = 0 f = 5 IDAT size = 10176 Output IDAT size = 10176 bytes (1277 bytes decrease) Output file size = 10254 bytes (1289 bytes = 11.17% decrease) ** Processing: /home/hornik/tmp/R.check/r-devel-gcc/Work/PKGS/pals.Rcheck/vign_test/pals/vignettes/pals_examples_files/figure-html/unnamed-chunk-2-2.png 576x576 pixels, 3x8 bits/pixel, RGB Input IDAT size = 5591 bytes Input file size = 5669 bytes Trying: zc = 9 zm = 8 zs = 0 f = 0 zc = 9 zm = 8 zs = 1 f = 0 zc = 1 zm = 8 zs = 2 f = 0 zc = 9 zm = 8 zs = 3 f = 0 zc = 9 zm = 8 zs = 0 f = 5 IDAT size = 4769 zc = 9 zm = 8 zs = 1 f = 5 zc = 1 zm = 8 zs = 2 f = 5 zc = 9 zm = 8 zs = 3 f = 5 Selecting parameters: zc = 9 zm = 8 zs = 0 f = 5 IDAT size = 4769 Output IDAT size = 4769 bytes (822 bytes decrease) Output file size = 4847 bytes (822 bytes = 14.50% decrease) ** Processing: /home/hornik/tmp/R.check/r-devel-gcc/Work/PKGS/pals.Rcheck/vign_test/pals/vignettes/pals_examples_files/figure-html/unnamed-chunk-3-1.png 576x576 pixels, 3x8 bits/pixel, RGB Input IDAT size = 36006 bytes Input file size = 36132 bytes Trying: zc = 9 zm = 8 zs = 0 f = 0 IDAT size = 28213 zc = 9 zm = 8 zs = 1 f = 0 zc = 1 zm = 8 zs = 2 f = 0 zc = 9 zm = 8 zs = 3 f = 0 zc = 9 zm = 8 zs = 0 f = 5 zc = 9 zm = 8 zs = 1 f = 5 zc = 1 zm = 8 zs = 2 f = 5 zc = 9 zm = 8 zs = 3 f = 5 Selecting parameters: zc = 9 zm = 8 zs = 0 f = 0 IDAT size = 28213 Output IDAT size = 28213 bytes (7793 bytes decrease) Output file size = 28291 bytes (7841 bytes = 21.70% decrease) ** Processing: /home/hornik/tmp/R.check/r-devel-gcc/Work/PKGS/pals.Rcheck/vign_test/pals/vignettes/pals_examples_files/figure-html/unnamed-chunk-4-1.png 576x576 pixels, 3x8 bits/pixel, RGB Input IDAT size = 37969 bytes Input file size = 38095 bytes Trying: zc = 9 zm = 8 zs = 0 f = 0 IDAT size = 32137 zc = 9 zm = 8 zs = 1 f = 0 zc = 1 zm = 8 zs = 2 f = 0 zc = 9 zm = 8 zs = 3 f = 0 zc = 9 zm = 8 zs = 0 f = 5 zc = 9 zm = 8 zs = 1 f = 5 zc = 1 zm = 8 zs = 2 f = 5 zc = 9 zm = 8 zs = 3 f = 5 Selecting parameters: zc = 9 zm = 8 zs = 0 f = 0 IDAT size = 32137 Output IDAT size = 32137 bytes (5832 bytes decrease) Output file size = 32215 bytes (5880 bytes = 15.44% decrease) ** Processing: /home/hornik/tmp/R.check/r-devel-gcc/Work/PKGS/pals.Rcheck/vign_test/pals/vignettes/pals_examples_files/figure-html/unnamed-chunk-5-1.png 576x576 pixels, 3x8 bits/pixel, RGB Input IDAT size = 10223 bytes Input file size = 10313 bytes Trying: zc = 9 zm = 8 zs = 0 f = 0 zc = 9 zm = 8 zs = 1 f = 0 zc = 1 zm = 8 zs = 2 f = 0 zc = 9 zm = 8 zs = 3 f = 0 zc = 9 zm = 8 zs = 0 f = 5 IDAT size = 8956 zc = 9 zm = 8 zs = 1 f = 5 zc = 1 zm = 8 zs = 2 f = 5 zc = 9 zm = 8 zs = 3 f = 5 Selecting parameters: zc = 9 zm = 8 zs = 0 f = 5 IDAT size = 8956 Output IDAT size = 8956 bytes (1267 bytes decrease) Output file size = 9034 bytes (1279 bytes = 12.40% decrease) ** Processing: /home/hornik/tmp/R.check/r-devel-gcc/Work/PKGS/pals.Rcheck/vign_test/pals/vignettes/pals_examples_files/figure-html/unnamed-chunk-6-1.png 576x576 pixels, 3x8 bits/pixel, RGB Input IDAT size = 38892 bytes Input file size = 39018 bytes Trying: zc = 9 zm = 8 zs = 0 f = 0 zc = 9 zm = 8 zs = 1 f = 0 zc = 1 zm = 8 zs = 2 f = 0 zc = 9 zm = 8 zs = 3 f = 0 zc = 9 zm = 8 zs = 0 f = 5 IDAT size = 36286 zc = 9 zm = 8 zs = 1 f = 5 IDAT size = 36146 zc = 1 zm = 8 zs = 2 f = 5 zc = 9 zm = 8 zs = 3 f = 5 Selecting parameters: zc = 9 zm = 8 zs = 1 f = 5 IDAT size = 36146 Output IDAT size = 36146 bytes (2746 bytes decrease) Output file size = 36224 bytes (2794 bytes = 7.16% decrease) ** Processing: /home/hornik/tmp/R.check/r-devel-gcc/Work/PKGS/pals.Rcheck/vign_test/pals/vignettes/pals_examples_files/figure-html/unnamed-chunk-8-1.png 576x576 pixels, 3x8 bits/pixel, RGB Input IDAT size = 14857 bytes Input file size = 14947 bytes Trying: zc = 9 zm = 8 zs = 0 f = 0 IDAT size = 13966 zc = 9 zm = 8 zs = 1 f = 0 zc = 1 zm = 8 zs = 2 f = 0 zc = 9 zm = 8 zs = 3 f = 0 zc = 9 zm = 8 zs = 0 f = 5 IDAT size = 13674 zc = 9 zm = 8 zs = 1 f = 5 zc = 1 zm = 8 zs = 2 f = 5 zc = 9 zm = 8 zs = 3 f = 5 Selecting parameters: zc = 9 zm = 8 zs = 0 f = 5 IDAT size = 13674 Output IDAT size = 13674 bytes (1183 bytes decrease) Output file size = 13752 bytes (1195 bytes = 7.99% decrease) ** Processing: /home/hornik/tmp/R.check/r-devel-gcc/Work/PKGS/pals.Rcheck/vign_test/pals/vignettes/pals_examples_files/figure-html/unnamed-chunk-9-1.png 576x576 pixels, 3x8 bits/pixel, RGB Input IDAT size = 130297 bytes Input file size = 130555 bytes Trying: zc = 9 zm = 8 zs = 0 f = 0 IDAT size = 93469 zc = 9 zm = 8 zs = 1 f = 0 zc = 1 zm = 8 zs = 2 f = 0 zc = 9 zm = 8 zs = 3 f = 0 zc = 9 zm = 8 zs = 0 f = 5 zc = 9 zm = 8 zs = 1 f = 5 zc = 1 zm = 8 zs = 2 f = 5 zc = 9 zm = 8 zs = 3 f = 5 Selecting parameters: zc = 9 zm = 8 zs = 0 f = 0 IDAT size = 93469 Output IDAT size = 93469 bytes (36828 bytes decrease) Output file size = 93547 bytes (37008 bytes = 28.35% decrease) ** Processing: /home/hornik/tmp/R.check/r-devel-gcc/Work/PKGS/pals.Rcheck/vign_test/pals/vignettes/pals_examples_files/figure-html/unnamed-chunk-10-1.png 576x576 pixels, 3x8 bits/pixel, RGB Input IDAT size = 247029 bytes Input file size = 247467 bytes Trying: zc = 9 zm = 8 zs = 0 f = 0 IDAT size = 198785 zc = 9 zm = 8 zs = 1 f = 0 zc = 1 zm = 8 zs = 2 f = 0 zc = 9 zm = 8 zs = 3 f = 0 zc = 9 zm = 8 zs = 0 f = 5 zc = 9 zm = 8 zs = 1 f = 5 zc = 1 zm = 8 zs = 2 f = 5 zc = 9 zm = 8 zs = 3 f = 5 Selecting parameters: zc = 9 zm = 8 zs = 0 f = 0 IDAT size = 198785 Output IDAT size = 198785 bytes (48244 bytes decrease) Output file size = 198863 bytes (48604 bytes = 19.64% decrease) ** Processing: /home/hornik/tmp/R.check/r-devel-gcc/Work/PKGS/pals.Rcheck/vign_test/pals/vignettes/pals_examples_files/figure-html/unnamed-chunk-11-1.png 576x576 pixels, 3x8 bits/pixel, RGB Input IDAT size = 8485 bytes Input file size = 8575 bytes Trying: zc = 9 zm = 8 zs = 0 f = 0 zc = 9 zm = 8 zs = 1 f = 0 zc = 1 zm = 8 zs = 2 f = 0 zc = 9 zm = 8 zs = 3 f = 0 zc = 9 zm = 8 zs = 0 f = 5 IDAT size = 7432 zc = 9 zm = 8 zs = 1 f = 5 zc = 1 zm = 8 zs = 2 f = 5 zc = 9 zm = 8 zs = 3 f = 5 Selecting parameters: zc = 9 zm = 8 zs = 0 f = 5 IDAT size = 7432 Output IDAT size = 7432 bytes (1053 bytes decrease) Output file size = 7510 bytes (1065 bytes = 12.42% decrease) ** Processing: /home/hornik/tmp/R.check/r-devel-gcc/Work/PKGS/pals.Rcheck/vign_test/pals/vignettes/pals_examples_files/figure-html/unnamed-chunk-12-1.png 576x576 pixels, 3x8 bits/pixel, RGB Input IDAT size = 13946 bytes Input file size = 14036 bytes Trying: zc = 9 zm = 8 zs = 0 f = 0 IDAT size = 11220 zc = 9 zm = 8 zs = 1 f = 0 zc = 1 zm = 8 zs = 2 f = 0 zc = 9 zm = 8 zs = 3 f = 0 zc = 9 zm = 8 zs = 0 f = 5 zc = 9 zm = 8 zs = 1 f = 5 zc = 1 zm = 8 zs = 2 f = 5 zc = 9 zm = 8 zs = 3 f = 5 Selecting parameters: zc = 9 zm = 8 zs = 0 f = 0 IDAT size = 11220 Output IDAT size = 11220 bytes (2726 bytes decrease) Output file size = 11298 bytes (2738 bytes = 19.51% decrease) ** Processing: /home/hornik/tmp/R.check/r-devel-gcc/Work/PKGS/pals.Rcheck/vign_test/pals/vignettes/pals_examples_files/figure-html/unnamed-chunk-13-1.png 576x576 pixels, 3x8 bits/pixel, RGB Input IDAT size = 13612 bytes Input file size = 13702 bytes Trying: zc = 9 zm = 8 zs = 0 f = 0 zc = 9 zm = 8 zs = 1 f = 0 zc = 1 zm = 8 zs = 2 f = 0 zc = 9 zm = 8 zs = 3 f = 0 zc = 9 zm = 8 zs = 0 f = 5 IDAT size = 12975 zc = 9 zm = 8 zs = 1 f = 5 zc = 1 zm = 8 zs = 2 f = 5 zc = 9 zm = 8 zs = 3 f = 5 IDAT size = 12468 Selecting parameters: zc = 9 zm = 8 zs = 3 f = 5 IDAT size = 12468 Output IDAT size = 12468 bytes (1144 bytes decrease) Output file size = 12546 bytes (1156 bytes = 8.44% decrease) ** Processing: /home/hornik/tmp/R.check/r-devel-gcc/Work/PKGS/pals.Rcheck/vign_test/pals/vignettes/pals_examples_files/figure-html/unnamed-chunk-14-1.png 576x576 pixels, 3x8 bits/pixel, RGB Input IDAT size = 37023 bytes Input file size = 37149 bytes Trying: zc = 9 zm = 8 zs = 0 f = 0 zc = 9 zm = 8 zs = 1 f = 0 zc = 1 zm = 8 zs = 2 f = 0 zc = 9 zm = 8 zs = 3 f = 0 zc = 9 zm = 8 zs = 0 f = 5 IDAT size = 34482 zc = 9 zm = 8 zs = 1 f = 5 zc = 1 zm = 8 zs = 2 f = 5 zc = 9 zm = 8 zs = 3 f = 5 Selecting parameters: zc = 9 zm = 8 zs = 0 f = 5 IDAT size = 34482 Output IDAT size = 34482 bytes (2541 bytes decrease) Output file size = 34560 bytes (2589 bytes = 6.97% decrease) ** Processing: /home/hornik/tmp/R.check/r-devel-gcc/Work/PKGS/pals.Rcheck/vign_test/pals/vignettes/pals_examples_files/figure-html/unnamed-chunk-15-1.png 576x576 pixels, 3x8 bits/pixel, RGB Input IDAT size = 55301 bytes Input file size = 55451 bytes Trying: zc = 9 zm = 8 zs = 0 f = 0 IDAT size = 51630 zc = 9 zm = 8 zs = 1 f = 0 zc = 1 zm = 8 zs = 2 f = 0 zc = 9 zm = 8 zs = 3 f = 0 zc = 9 zm = 8 zs = 0 f = 5 zc = 9 zm = 8 zs = 1 f = 5 zc = 1 zm = 8 zs = 2 f = 5 zc = 9 zm = 8 zs = 3 f = 5 Selecting parameters: zc = 9 zm = 8 zs = 0 f = 0 IDAT size = 51630 Output IDAT size = 51630 bytes (3671 bytes decrease) Output file size = 51708 bytes (3743 bytes = 6.75% decrease) ** Processing: /home/hornik/tmp/R.check/r-devel-gcc/Work/PKGS/pals.Rcheck/vign_test/pals/vignettes/pals_examples_files/figure-html/unnamed-chunk-15-2.png 576x576 pixels, 3x8 bits/pixel, RGB Input IDAT size = 51995 bytes Input file size = 52145 bytes Trying: zc = 9 zm = 8 zs = 0 f = 0 IDAT size = 50721 zc = 9 zm = 8 zs = 1 f = 0 zc = 1 zm = 8 zs = 2 f = 0 zc = 9 zm = 8 zs = 3 f = 0 zc = 9 zm = 8 zs = 0 f = 5 zc = 9 zm = 8 zs = 1 f = 5 IDAT size = 50544 zc = 1 zm = 8 zs = 2 f = 5 zc = 9 zm = 8 zs = 3 f = 5 Selecting parameters: zc = 9 zm = 8 zs = 1 f = 5 IDAT size = 50544 Output IDAT size = 50544 bytes (1451 bytes decrease) Output file size = 50622 bytes (1523 bytes = 2.92% decrease) ** Processing: /home/hornik/tmp/R.check/r-devel-gcc/Work/PKGS/pals.Rcheck/vign_test/pals/vignettes/pals_examples_files/figure-html/unnamed-chunk-16-1.png 576x576 pixels, 8 bits/pixel, 101 colors in palette Input IDAT size = 7836 bytes Input file size = 8229 bytes Trying: zc = 9 zm = 8 zs = 0 f = 0 IDAT size = 7147 zc = 9 zm = 8 zs = 1 f = 0 zc = 1 zm = 8 zs = 2 f = 0 zc = 9 zm = 8 zs = 3 f = 0 zc = 9 zm = 8 zs = 0 f = 5 IDAT size = 6398 zc = 9 zm = 8 zs = 1 f = 5 zc = 1 zm = 8 zs = 2 f = 5 zc = 9 zm = 8 zs = 3 f = 5 Selecting parameters: zc = 9 zm = 8 zs = 0 f = 5 IDAT size = 6398 Output IDAT size = 6398 bytes (1438 bytes decrease) Output file size = 6791 bytes (1438 bytes = 17.47% decrease) ** Processing: /home/hornik/tmp/R.check/r-devel-gcc/Work/PKGS/pals.Rcheck/vign_test/pals/vignettes/pals_examples_files/figure-html/unnamed-chunk-16-2.png 576x576 pixels, 8 bits/pixel, 101 colors in palette Input IDAT size = 7831 bytes Input file size = 8224 bytes Trying: zc = 9 zm = 8 zs = 0 f = 0 IDAT size = 7147 zc = 9 zm = 8 zs = 1 f = 0 zc = 1 zm = 8 zs = 2 f = 0 zc = 9 zm = 8 zs = 3 f = 0 zc = 9 zm = 8 zs = 0 f = 5 IDAT size = 6168 zc = 9 zm = 8 zs = 1 f = 5 IDAT size = 6166 zc = 1 zm = 8 zs = 2 f = 5 zc = 9 zm = 8 zs = 3 f = 5 Selecting parameters: zc = 9 zm = 8 zs = 1 f = 5 IDAT size = 6166 Output IDAT size = 6166 bytes (1665 bytes decrease) Output file size = 6559 bytes (1665 bytes = 20.25% decrease) ** Processing: /home/hornik/tmp/R.check/r-devel-gcc/Work/PKGS/pals.Rcheck/vign_test/pals/vignettes/pals_examples_files/figure-html/unnamed-chunk-17-1.png 576x576 pixels, 8 bits/pixel, 178 colors in palette Input IDAT size = 2124 bytes Input file size = 2748 bytes Trying: zc = 9 zm = 8 zs = 0 f = 0 IDAT size = 1934 zc = 9 zm = 8 zs = 1 f = 0 IDAT size = 1933 zc = 1 zm = 8 zs = 2 f = 0 zc = 9 zm = 8 zs = 3 f = 0 zc = 9 zm = 8 zs = 0 f = 5 IDAT size = 1622 zc = 9 zm = 8 zs = 1 f = 5 IDAT size = 1617 zc = 1 zm = 8 zs = 2 f = 5 zc = 9 zm = 8 zs = 3 f = 5 Selecting parameters: zc = 9 zm = 8 zs = 1 f = 5 IDAT size = 1617 Output IDAT size = 1617 bytes (507 bytes decrease) Output file size = 2241 bytes (507 bytes = 18.45% decrease) Quitting from lines 326-332 [unnamed-chunk-18] (pals_examples.Rmd) Error: processing vignette 'pals_examples.Rmd' failed with diagnostics: could not find function "ggplot" --- failed re-building ‘pals_examples.Rmd’ SUMMARY: processing the following file failed: ‘pals_examples.Rmd’ Error: Vignette re-building failed. Execution halted Flavor: r-devel-linux-x86_64-debian-gcc