Last updated on 2023-03-22 00:52:28 CET.
Flavor | Version | Tinstall | Tcheck | Ttotal | Status | Flags |
---|---|---|---|---|---|---|
r-devel-linux-x86_64-debian-clang | 1.6 | 6.33 | 34.71 | 41.04 | NOTE | |
r-devel-linux-x86_64-debian-gcc | 1.6 | 5.64 | 26.80 | 32.44 | NOTE | |
r-devel-linux-x86_64-fedora-clang | 1.6 | 54.30 | NOTE | |||
r-devel-linux-x86_64-fedora-gcc | 1.6 | 61.65 | NOTE | |||
r-patched-linux-x86_64 | 1.6 | 6.22 | 33.74 | 39.96 | OK | |
r-release-linux-x86_64 | 1.6 | 6.86 | 34.01 | 40.87 | OK | |
r-release-macos-arm64 | 1.6 | 23.00 | OK | |||
r-release-macos-x86_64 | 1.6 | 31.00 | OK | |||
r-release-windows-x86_64 | 1.6 | 23.00 | 85.00 | 108.00 | OK | |
r-oldrel-macos-arm64 | 1.6 | 28.00 | OK | |||
r-oldrel-macos-x86_64 | 1.6 | 47.00 | OK | |||
r-oldrel-windows-ix86+x86_64 | 1.6 | 16.00 | 76.00 | 92.00 | OK |
Version: 1.6
Check: Rd files
Result: NOTE
checkRd: (-1) pan.bd.Rd:65: Escaped LaTeX specials: \$
Flavors: r-devel-linux-x86_64-debian-clang, r-devel-linux-x86_64-debian-gcc, r-devel-linux-x86_64-fedora-clang, r-devel-linux-x86_64-fedora-gcc