CRAN Package Check Results for Package parallelDist

Last updated on 2021-10-18 00:48:22 CEST.

Flavor Version Tinstall Tcheck Ttotal Status Flags
r-devel-linux-x86_64-debian-clang 0.2.4 65.42 236.38 301.80 NOTE
r-devel-linux-x86_64-debian-gcc 0.2.4 49.78 168.78 218.56 NOTE
r-devel-linux-x86_64-fedora-clang 0.2.4 404.69 NOTE
r-devel-linux-x86_64-fedora-gcc 0.2.4 377.48 NOTE
r-devel-windows-x86_64 0.2.4 88.00 308.00 396.00 NOTE
r-devel-windows-x86_64-gcc10-UCRT 0.2.4 NOTE
r-patched-linux-x86_64 0.2.4 59.57 229.05 288.62 NOTE
r-patched-solaris-x86 0.2.4 319.40 NOTE
r-release-linux-x86_64 0.2.4 60.50 226.30 286.80 NOTE
r-release-macos-arm64 0.2.4 NOTE
r-release-macos-x86_64 0.2.4 NOTE
r-release-windows-ix86+x86_64 0.2.4 127.00 510.00 637.00 NOTE
r-oldrel-macos-x86_64 0.2.4 OK
r-oldrel-windows-ix86+x86_64 0.2.4 179.00 551.00 730.00 OK

Check Details

Version: 0.2.4
Check: LazyData
Result: NOTE
     'LazyData' is specified without a 'data' directory
Flavors: r-devel-linux-x86_64-debian-clang, r-devel-linux-x86_64-debian-gcc, r-devel-linux-x86_64-fedora-clang, r-devel-linux-x86_64-fedora-gcc, r-devel-windows-x86_64, r-devel-windows-x86_64-gcc10-UCRT, r-patched-linux-x86_64, r-patched-solaris-x86, r-release-linux-x86_64, r-release-macos-arm64, r-release-macos-x86_64, r-release-windows-ix86+x86_64

Version: 0.2.4
Check: installed package size
Result: NOTE
     installed size is 5.4Mb
     sub-directories of 1Mb or more:
     libs 5.1Mb
Flavor: r-release-macos-arm64