Last updated on 2023-09-23 00:54:00 CEST.
Flavor | Version | Tinstall | Tcheck | Ttotal | Status | Flags |
---|---|---|---|---|---|---|
r-devel-linux-x86_64-debian-clang | 1.3 | 266.54 | 35.85 | 302.39 | OK | |
r-devel-linux-x86_64-debian-gcc | 1.3 | 189.06 | 27.80 | 216.86 | OK | |
r-devel-linux-x86_64-fedora-clang | 1.3 | 468.34 | OK | |||
r-devel-linux-x86_64-fedora-gcc | 1.3 | 555.35 | OK | |||
r-devel-windows-x86_64 | 1.3 | 168.00 | 86.00 | 254.00 | OK | |
r-patched-linux-x86_64 | 1.3 | 261.03 | 34.98 | 296.01 | OK | |
r-release-linux-x86_64 | 1.3 | 261.07 | 35.03 | 296.10 | OK | |
r-release-macos-arm64 | 1.3 | 103.00 | NOTE | |||
r-release-macos-x86_64 | 1.3 | 130.00 | NOTE | |||
r-release-windows-x86_64 | 1.3 | 191.00 | 96.00 | 287.00 | OK | |
r-oldrel-macos-arm64 | 1.3 | 93.00 | NOTE | |||
r-oldrel-macos-x86_64 | 1.3 | 134.00 | NOTE | |||
r-oldrel-windows-x86_64 | 1.3 | 229.00 | 89.00 | 318.00 | OK |
Version: 1.3
Check: installed package size
Result: NOTE
installed size is 14.8Mb
sub-directories of 1Mb or more:
libs 14.4Mb
Flavors: r-release-macos-arm64, r-release-macos-x86_64, r-oldrel-macos-arm64, r-oldrel-macos-x86_64