Last updated on 2023-09-27 23:37:41 CEST.
Flavor | Version | Tinstall | Tcheck | Ttotal | Status | Flags |
---|---|---|---|---|---|---|
r-devel-linux-x86_64-debian-clang | 0.21.2 | 26.57 | 477.86 | 504.43 | OK | |
r-devel-linux-x86_64-debian-gcc | 0.21.2 | 28.18 | 338.43 | 366.61 | OK | |
r-devel-linux-x86_64-fedora-clang | 0.21.2 | 646.02 | NOTE | |||
r-devel-linux-x86_64-fedora-gcc | 0.21.2 | 626.74 | OK | |||
r-devel-windows-x86_64 | 0.21.2 | 30.00 | 298.00 | 328.00 | OK | |
r-patched-linux-x86_64 | 0.21.2 | 36.98 | 443.65 | 480.63 | OK | |
r-release-linux-x86_64 | 0.21.2 | 25.92 | 429.38 | 455.30 | NOTE | |
r-release-macos-arm64 | 0.21.2 | 161.00 | OK | |||
r-release-macos-x86_64 | 0.21.2 | 389.00 | OK | |||
r-release-windows-x86_64 | 0.21.2 | 42.00 | 392.00 | 434.00 | OK | |
r-oldrel-macos-arm64 | 0.21.2 | 139.00 | OK | |||
r-oldrel-macos-x86_64 | 0.21.2 | 173.00 | OK | |||
r-oldrel-windows-x86_64 | 0.21.2 | 39.00 | 362.00 | 401.00 | OK |
Version: 0.21.2
Check: package dependencies
Result: NOTE
Package suggested but not available for checking: ‘BayesFM’
Flavor: r-devel-linux-x86_64-fedora-clang
Version: 0.21.2
Check: package dependencies
Result: NOTE
Package suggested but not available for checking: ‘rstanarm’
Flavor: r-release-linux-x86_64