CRAN Package Check Results for Package paramlink

Last updated on 2024-06-14 00:53:52 CEST.

Flavor Version Tinstall Tcheck Ttotal Status Flags
r-devel-linux-x86_64-debian-clang 1.1-5 17.34 130.88 148.22 OK
r-devel-linux-x86_64-debian-gcc 1.1-5 13.36 92.21 105.57 NOTE
r-devel-linux-x86_64-fedora-clang 1.1-5 181.44 OK
r-devel-linux-x86_64-fedora-gcc 1.1-5 169.80 OK
r-devel-windows-x86_64 1.1-5 15.00 116.00 131.00 OK
r-patched-linux-x86_64 1.1-5 18.41 124.63 143.04 OK
r-release-linux-x86_64 1.1-5 13.64 124.38 138.02 OK
r-release-macos-arm64 1.1-5 49.00 OK
r-release-macos-x86_64 1.1-5 97.00 OK
r-release-windows-x86_64 1.1-5 16.00 117.00 133.00 OK
r-oldrel-macos-arm64 1.1-5 53.00 OK
r-oldrel-macos-x86_64 1.1-5 81.00 OK
r-oldrel-windows-x86_64 1.1-5 19.00 139.00 158.00 OK

Check Details

Version: 1.1-5
Check: package dependencies
Result: NOTE Package suggested but not available for checking: ‘igraph’ Flavor: r-devel-linux-x86_64-debian-gcc