CRAN Package Check Results for Package parglm

Last updated on 2024-06-21 00:57:18 CEST.

Flavor Version Tinstall Tcheck Ttotal Status Flags
r-devel-linux-x86_64-debian-clang 0.1.7 96.65 86.25 182.90 NOTE
r-devel-linux-x86_64-debian-gcc 0.1.7 67.99 63.65 131.64 NOTE
r-devel-linux-x86_64-fedora-clang 0.1.7 255.16 NOTE
r-devel-linux-x86_64-fedora-gcc 0.1.7 272.26 NOTE
r-devel-windows-x86_64 0.1.7 79.00 95.00 174.00 NOTE
r-patched-linux-x86_64 0.1.7 77.63 83.12 160.75 NOTE
r-release-linux-x86_64 0.1.7 86.85 80.61 167.46 NOTE
r-release-macos-arm64 0.1.7 60.00 NOTE
r-release-macos-x86_64 0.1.7 76.00 NOTE
r-release-windows-x86_64 0.1.7 78.00 95.00 173.00 NOTE
r-oldrel-macos-arm64 0.1.7 73.00 NOTE
r-oldrel-macos-x86_64 0.1.7 121.00 NOTE
r-oldrel-windows-x86_64 0.1.7 95.00 122.00 217.00 NOTE

Check Details

Version: 0.1.7
Check: C++ specification
Result: NOTE Specified C++11: please drop specification unless essential Flavors: r-devel-linux-x86_64-debian-clang, r-devel-linux-x86_64-debian-gcc, r-devel-linux-x86_64-fedora-clang, r-devel-linux-x86_64-fedora-gcc, r-devel-windows-x86_64, r-patched-linux-x86_64, r-release-linux-x86_64, r-release-macos-arm64, r-release-macos-x86_64, r-release-windows-x86_64, r-oldrel-macos-arm64, r-oldrel-macos-x86_64, r-oldrel-windows-x86_64