Last updated on 2023-09-26 01:06:29 CEST.
Flavor | Version | Tinstall | Tcheck | Ttotal | Status | Flags |
---|---|---|---|---|---|---|
r-devel-linux-x86_64-debian-clang | 0.4.1 | 11.87 | 96.15 | 108.02 | OK | |
r-devel-linux-x86_64-debian-gcc | 0.4.1 | 8.68 | 72.71 | 81.39 | OK | |
r-devel-linux-x86_64-fedora-clang | 0.4.1 | 127.84 | NOTE | |||
r-devel-linux-x86_64-fedora-gcc | 0.4.1 | 79.29 | NOTE | |||
r-devel-windows-x86_64 | 0.4.1 | 11.00 | 88.00 | 99.00 | OK | |
r-patched-linux-x86_64 | 0.4.1 | 6.67 | 91.01 | 97.68 | OK | |
r-release-linux-x86_64 | 0.4.1 | 6.76 | 91.22 | 97.98 | OK | |
r-release-macos-arm64 | 0.4.1 | 45.00 | OK | |||
r-release-macos-x86_64 | 0.4.1 | 69.00 | OK | |||
r-release-windows-x86_64 | 0.4.1 | 15.00 | 103.00 | 118.00 | OK | |
r-oldrel-macos-arm64 | 0.4.1 | 28.00 | NOTE | |||
r-oldrel-macos-x86_64 | 0.4.1 | 71.00 | NOTE | |||
r-oldrel-windows-x86_64 | 0.4.1 | 14.00 | 102.00 | 116.00 | OK |
Version: 0.4.1
Check: data for non-ASCII characters
Result: NOTE
Note: found 16 marked UTF-8 strings
Flavors: r-devel-linux-x86_64-fedora-clang, r-devel-linux-x86_64-fedora-gcc, r-oldrel-macos-arm64, r-oldrel-macos-x86_64