Last updated on 2023-09-29 00:56:55 CEST.
Flavor | Version | Tinstall | Tcheck | Ttotal | Status | Flags |
---|---|---|---|---|---|---|
r-devel-linux-x86_64-debian-clang | 0.1.2 | 48.24 | 69.69 | 117.93 | NOTE | |
r-devel-linux-x86_64-debian-gcc | 0.1.2 | 35.58 | 51.80 | 87.38 | NOTE | |
r-devel-linux-x86_64-fedora-clang | 0.1.2 | 159.00 | NOTE | |||
r-devel-linux-x86_64-fedora-gcc | 0.1.2 | 167.12 | NOTE | |||
r-devel-windows-x86_64 | 0.1.2 | 39.00 | 91.00 | 130.00 | NOTE | |
r-patched-linux-x86_64 | 0.1.2 | 35.92 | 66.42 | 102.34 | NOTE | |
r-release-linux-x86_64 | 0.1.2 | 49.77 | 66.82 | 116.59 | NOTE | |
r-release-macos-arm64 | 0.1.2 | 55.00 | NOTE | |||
r-release-macos-x86_64 | 0.1.2 | 99.00 | NOTE | |||
r-release-windows-x86_64 | 0.1.2 | 51.00 | 105.00 | 156.00 | NOTE | |
r-oldrel-macos-arm64 | 0.1.2 | 43.00 | NOTE | |||
r-oldrel-macos-x86_64 | 0.1.2 | 97.00 | NOTE | |||
r-oldrel-windows-x86_64 | 0.1.2 | 47.00 | 101.00 | 148.00 | OK |
Version: 0.1.2
Check: C++ specification
Result: NOTE
Specified C++14: please drop specification unless essential
Flavors: r-devel-linux-x86_64-debian-clang, r-devel-linux-x86_64-debian-gcc, r-devel-linux-x86_64-fedora-clang, r-devel-linux-x86_64-fedora-gcc, r-devel-windows-x86_64, r-patched-linux-x86_64, r-release-linux-x86_64, r-release-macos-arm64, r-release-macos-x86_64, r-release-windows-x86_64
Version: 0.1.2
Check: installed package size
Result: NOTE
installed size is 8.3Mb
sub-directories of 1Mb or more:
libs 7.9Mb
Flavors: r-release-macos-arm64, r-release-macos-x86_64, r-oldrel-macos-arm64, r-oldrel-macos-x86_64