CRAN Package Check Results for Package partR2

Last updated on 2021-10-22 00:50:34 CEST.

Flavor Version Tinstall Tcheck Ttotal Status Flags
r-devel-linux-x86_64-debian-clang 0.9.1 4.55 182.85 187.40 OK
r-devel-linux-x86_64-debian-gcc 0.9.1 3.46 133.53 136.99 OK
r-devel-linux-x86_64-fedora-clang 0.9.1 227.69 NOTE
r-devel-linux-x86_64-fedora-gcc 0.9.1 231.97 NOTE
r-devel-windows-x86_64 0.9.1 9.00 242.00 251.00 OK
r-devel-windows-x86_64-gcc10-UCRT 0.9.1 NOTE
r-patched-linux-x86_64 0.9.1 4.44 180.00 184.44 OK
r-patched-solaris-x86 0.9.1 125.50 NOTE
r-release-linux-x86_64 0.9.1 3.15 171.41 174.56 OK
r-release-macos-arm64 0.9.1 NOTE
r-release-macos-x86_64 0.9.1 NOTE
r-release-windows-ix86+x86_64 0.9.1 20.00 223.00 243.00 OK
r-oldrel-macos-x86_64 0.9.1 NOTE
r-oldrel-windows-ix86+x86_64 0.9.1 8.00 234.00 242.00 OK

Check Details

Version: 0.9.1
Check: dependencies in R code
Result: NOTE
    Namespace in Imports field not imported from: ‘methods’
     All declared Imports should be used.
Flavors: r-devel-linux-x86_64-fedora-clang, r-devel-linux-x86_64-fedora-gcc, r-devel-windows-x86_64-gcc10-UCRT, r-patched-solaris-x86, r-release-macos-arm64, r-release-macos-x86_64, r-oldrel-macos-x86_64