CRAN Package Check Results for Package partykit

Last updated on 2023-03-31 00:54:19 CEST.

Flavor Version Tinstall Tcheck Ttotal Status Flags
r-devel-linux-x86_64-debian-clang 1.2-19 19.15 365.32 384.47 NOTE
r-devel-linux-x86_64-debian-gcc 1.2-19 15.66 274.34 290.00 NOTE
r-devel-linux-x86_64-fedora-clang 1.2-19 475.12 NOTE
r-devel-linux-x86_64-fedora-gcc 1.2-19 484.15 NOTE
r-devel-windows-x86_64 1.2-19 99.00 0.00 99.00 NOTE
r-patched-linux-x86_64 1.2-19 20.13 345.99 366.12 NOTE
r-release-linux-x86_64 1.2-19 13.90 348.26 362.16 OK
r-release-macos-arm64 1.2-19 131.00 OK
r-release-macos-x86_64 1.2-19 180.00 OK
r-release-windows-x86_64 1.2-19 26.00 498.00 524.00 OK
r-oldrel-macos-arm64 1.2-19 126.00 OK
r-oldrel-macos-x86_64 1.2-19 196.00 OK
r-oldrel-windows-ix86+x86_64 1.2-19 35.00 573.00 608.00 OK

Additional issues

M1mac

Check Details

Version: 1.2-19
Check: running R code from vignettes
Result: NOTE
     ‘ctree.Rnw’ using ‘UTF-8’... [12s/15s] NOTE
    differences from ‘ctree.Rout.save’
    1408a1409,1412
    > Deviance Residuals:
    > Min 1Q Median 3Q Max
    > -45.801 -11.208 -1.049 10.903 53.615
    >
     ‘partykit.Rnw’... [3s/4s] OK
Flavor: r-devel-linux-x86_64-debian-clang

Version: 1.2-19
Check: running R code from vignettes
Result: NOTE
     ‘ctree.Rnw’ using ‘UTF-8’... [9s/13s] NOTE
    differences from ‘ctree.Rout.save’
    1408a1409,1412
    > Deviance Residuals:
    > Min 1Q Median 3Q Max
    > -45.801 -11.208 -1.049 10.903 53.615
    >
     ‘partykit.Rnw’... [3s/5s] OK
Flavor: r-devel-linux-x86_64-debian-gcc

Version: 1.2-19
Check: running R code from vignettes
Result: NOTE
     ‘ctree.Rnw’ using ‘UTF-8’... [14s/18s] NOTE
    differences from ‘ctree.Rout.save’
    1408a1409,1412
    > Deviance Residuals:
    > Min 1Q Median 3Q Max
    > -45.801 -11.208 -1.049 10.903 53.615
    >
     ‘partykit.Rnw’... OK
Flavor: r-devel-linux-x86_64-fedora-clang

Version: 1.2-19
Check: running R code from vignettes
Result: NOTE
     ‘ctree.Rnw’ using ‘UTF-8’... [14s/14s] NOTE
    differences from ‘ctree.Rout.save’
    1408a1409,1412
    > Deviance Residuals:
    > Min 1Q Median 3Q Max
    > -45.801 -11.208 -1.049 10.903 53.615
    >
     ‘partykit.Rnw’... OK
Flavor: r-devel-linux-x86_64-fedora-gcc

Version: 1.2-19
Check: running R code from vignettes
Result: NOTE
     'ctree.Rnw' using 'UTF-8'... [13s] NOTE
    differences from 'ctree.Rout.save'
    1408a1409,1412
    > Deviance Residuals:
    > Min 1Q Median 3Q Max
    > -45.801 -11.208 -1.049 10.903 53.615
    >
     'partykit.Rnw'... [4s] OK
Flavor: r-devel-windows-x86_64

Version: 1.2-19
Check: running R code from vignettes
Result: NOTE
     ‘ctree.Rnw’ using ‘UTF-8’... [10s/11s] NOTE
    differences from ‘ctree.Rout.save’
    1408a1409,1412
    > Deviance Residuals:
    > Min 1Q Median 3Q Max
    > -45.801 -11.208 -1.049 10.903 53.615
    >
     ‘partykit.Rnw’... [3s/3s] OK
Flavor: r-patched-linux-x86_64