CRAN Package Check Results for Package pathfindR.data

Last updated on 2025-01-20 00:48:28 CET.

Flavor Version Tinstall Tcheck Ttotal Status Flags
r-devel-linux-x86_64-debian-clang 2.1.0 25.23 26.77 52.00 OK
r-devel-linux-x86_64-debian-gcc 2.1.0 21.53 21.27 42.80 OK
r-devel-linux-x86_64-fedora-clang 2.1.0 81.42 OK
r-devel-linux-x86_64-fedora-gcc 2.1.0 81.97 OK
r-devel-windows-x86_64 2.1.0 27.00 48.00 75.00 OK
r-patched-linux-x86_64 2.1.0 25.41 25.62 51.03 OK
r-release-linux-x86_64 2.1.0 23.71 25.51 49.22 OK
r-release-macos-arm64 2.1.0 39.00 NOTE
r-release-macos-x86_64 2.1.0 41.00 NOTE
r-release-windows-x86_64 2.1.0 29.00 49.00 78.00 NOTE
r-oldrel-macos-arm64 2.1.0 43.00 NOTE
r-oldrel-macos-x86_64 2.1.0 77.00 NOTE
r-oldrel-windows-x86_64 2.1.0 30.00 50.00 80.00 NOTE

Check Details

Version: 2.1.0
Check: installed package size
Result: NOTE installed size is 5.7Mb sub-directories of 1Mb or more: R 4.0Mb data 1.5Mb Flavors: r-release-macos-arm64, r-release-macos-x86_64, r-release-windows-x86_64, r-oldrel-macos-arm64, r-oldrel-macos-x86_64, r-oldrel-windows-x86_64