CRAN Package Check Results for Package paws.common

Last updated on 2021-10-16 00:49:24 CEST.

Flavor Version Tinstall Tcheck Ttotal Status Flags
r-devel-linux-x86_64-debian-clang 0.3.12 4.61 40.29 44.90 OK
r-devel-linux-x86_64-debian-gcc 0.3.13 3.85 31.24 35.09 OK
r-devel-linux-x86_64-fedora-clang 0.3.13 68.68 OK
r-devel-linux-x86_64-fedora-gcc 0.3.13 56.71 OK
r-devel-windows-x86_64 0.3.13 9.00 66.00 75.00 OK
r-devel-windows-x86_64-gcc10-UCRT 0.3.12 OK
r-patched-linux-x86_64 0.3.13 5.67 40.84 46.51 OK
r-patched-solaris-x86 0.3.13 72.70 ERROR
r-release-linux-x86_64 0.3.13 5.19 39.60 44.79 OK
r-release-macos-arm64 0.3.12 OK
r-release-macos-x86_64 0.3.13 OK
r-release-windows-ix86+x86_64 0.3.13 7.00 55.00 62.00 OK
r-oldrel-macos-x86_64 0.3.13 OK
r-oldrel-windows-ix86+x86_64 0.3.12 10.00 67.00 77.00 OK

Check Details

Version: 0.3.13
Check: tests
Result: ERROR
     Running ‘testthat.R’ [8s/35s]
    Running the tests in ‘tests/testthat.R’ failed.
    Complete output:
     > library(testthat)
     > library(paws.common)
     >
     > test_check("paws.common")
     ══ Skipped tests ═══════════════════════════════════════════════════════════════
     • (1)
     • On CRAN (1)
     • skip (4)
    
     ══ Failed tests ════════════════════════════════════════════════════════════════
     ── Error (test_net.R:6:3): issue ───────────────────────────────────────────────
     Error in `curl::curl_fetch_memory(url, handle = handle)`: Timeout was reached: [httpbin.org] Resolving timed out after 10000 milliseconds
     Backtrace:
     █
     1. └─paws.common:::issue(req) test_net.R:6:2
     2. └─httr::VERB(...)
     3. └─httr:::request_perform(req, hu$handle$handle)
     4. ├─httr:::request_fetch(req$output, req$url, handle)
     5. └─httr:::request_fetch.write_memory(req$output, req$url, handle)
     6. └─curl::curl_fetch_memory(url, handle = handle)
     ── Error (test_net.R:31:3): timeout does not affect established connections ────
     Error in `curl::curl_fetch_memory(url, handle = handle)`: Timeout was reached: [httpbin.org] Resolving timed out after 1000 milliseconds
     Backtrace:
     █
     1. └─paws.common:::issue(req) test_net.R:31:2
     2. └─httr::VERB(...)
     3. └─httr:::request_perform(req, hu$handle$handle)
     4. ├─httr:::request_fetch(req$output, req$url, handle)
     5. └─httr:::request_fetch.write_memory(req$output, req$url, handle)
     6. └─curl::curl_fetch_memory(url, handle = handle)
    
     [ FAIL 2 | WARN 0 | SKIP 6 | PASS 602 ]
     Error: Test failures
     Execution halted
Flavor: r-patched-solaris-x86