Last updated on 2023-05-29 00:59:40 CEST.
Flavor | Version | Tinstall | Tcheck | Ttotal | Status | Flags |
---|---|---|---|---|---|---|
r-devel-linux-x86_64-debian-clang | 2.2-16 | 28.26 | 111.97 | 140.23 | NOTE | |
r-devel-linux-x86_64-debian-gcc | 2.2-16 | 21.34 | 84.61 | 105.95 | NOTE | |
r-devel-linux-x86_64-fedora-clang | 2.2-16 | 184.26 | NOTE | |||
r-devel-linux-x86_64-fedora-gcc | 2.2-16 | 167.98 | NOTE | |||
r-devel-windows-x86_64 | 2.2-16 | 30.00 | 104.00 | 134.00 | NOTE | |
r-patched-linux-x86_64 | 2.2-16 | 24.96 | 106.88 | 131.84 | NOTE | |
r-release-linux-x86_64 | 2.2-16 | 24.33 | 108.11 | 132.44 | NOTE | |
r-release-macos-arm64 | 2.2-16 | 56.00 | NOTE | |||
r-release-macos-x86_64 | 2.2-16 | 91.00 | NOTE | |||
r-release-windows-x86_64 | 2.2-16 | 36.00 | 125.00 | 161.00 | NOTE | |
r-oldrel-macos-arm64 | 2.2-16 | 102.00 | OK | |||
r-oldrel-macos-x86_64 | 2.2-16 | 138.00 | OK | |||
r-oldrel-windows-x86_64 | 2.2-16 | 32.00 | 115.00 | 147.00 | OK |
Version: 2.2-16
Check: Rd \usage sections
Result: NOTE
S3 methods shown with full name in documentation object ‘ped’:
‘ped.markerNames’
The \usage entries for S3 methods should use the \method markup and not
their full name.
See chapter ‘Writing R documentation files’ in the ‘Writing R
Extensions’ manual.
Flavors: r-devel-linux-x86_64-debian-clang, r-devel-linux-x86_64-debian-gcc, r-devel-linux-x86_64-fedora-clang, r-devel-linux-x86_64-fedora-gcc, r-devel-windows-x86_64, r-patched-linux-x86_64, r-release-linux-x86_64, r-release-macos-arm64, r-release-macos-x86_64, r-release-windows-x86_64
Version: 2.2-16
Check: package dependencies
Result: NOTE
Package suggested but not available for checking: ‘kinship2’
Flavor: r-release-macos-x86_64