CRAN Package Check Results for Package pbivnorm

Last updated on 2021-12-06 00:48:36 CET.

Flavor Version Tinstall Tcheck Ttotal Status Flags
r-devel-linux-x86_64-debian-clang 0.6.0 2.20 26.71 28.91 OK
r-devel-linux-x86_64-debian-gcc 0.6.0 1.97 21.67 23.64 OK
r-devel-linux-x86_64-fedora-clang 0.6.0 37.58 NOTE
r-devel-linux-x86_64-fedora-gcc 0.6.0 26.56 NOTE
r-devel-windows-x86_64-new-UL 0.6.0 7.00 53.00 60.00 OK
r-devel-windows-x86_64-new-TK 0.6.0 OK
r-devel-windows-x86_64-old 0.6.0 5.00 30.00 35.00 OK
r-patched-linux-x86_64 0.6.0 2.32 18.09 20.41 OK
r-release-linux-x86_64 0.6.0 2.43 26.44 28.87 OK
r-release-macos-arm64 0.6.0 OK
r-release-macos-x86_64 0.6.0 OK
r-release-windows-ix86+x86_64 0.6.0 7.00 30.00 37.00 OK
r-oldrel-macos-x86_64 0.6.0 OK
r-oldrel-windows-ix86+x86_64 0.6.0 6.00 28.00 34.00 OK

Check Details

Version: 0.6.0
Check: compiled code
Result: NOTE
    File ‘pbivnorm/libs/pbivnorm.so’:
     Found no calls to: ‘R_registerRoutines’, ‘R_useDynamicSymbols’
    
    It is good practice to register native routines and to disable symbol
    search.
    
    See ‘Writing portable packages’ in the ‘Writing R Extensions’ manual.
Flavors: r-devel-linux-x86_64-fedora-clang, r-devel-linux-x86_64-fedora-gcc