CRAN Package Check Results for Package pbivnorm

Last updated on 2023-06-09 00:54:29 CEST.

Flavor Version Tinstall Tcheck Ttotal Status Flags
r-devel-linux-x86_64-debian-clang 0.6.0 3.00 19.45 22.45 OK
r-devel-linux-x86_64-debian-gcc 0.6.0 2.25 15.54 17.79 OK
r-devel-linux-x86_64-fedora-clang 0.6.0 28.40 NOTE
r-devel-linux-x86_64-fedora-gcc 0.6.0 26.61 NOTE
r-devel-windows-x86_64 0.6.0 5.00 36.00 41.00 OK
r-patched-linux-x86_64 0.6.0 2.35 19.11 21.46 OK
r-release-linux-x86_64 0.6.0 2.15 18.99 21.14 OK
r-release-macos-arm64 0.6.0 17.00 OK
r-release-macos-x86_64 0.6.0 20.00 OK
r-release-windows-x86_64 0.6.0 4.00 41.00 45.00 OK
r-oldrel-macos-arm64 0.6.0 14.00 OK
r-oldrel-macos-x86_64 0.6.0 22.00 OK
r-oldrel-windows-x86_64 0.6.0 6.00 42.00 48.00 OK

Check Details

Version: 0.6.0
Check: compiled code
Result: NOTE
    File ‘pbivnorm/libs/pbivnorm.so’:
     Found no calls to: ‘R_registerRoutines’, ‘R_useDynamicSymbols’
    
    It is good practice to register native routines and to disable symbol
    search.
    
    See ‘Writing portable packages’ in the ‘Writing R Extensions’ manual.
Flavors: r-devel-linux-x86_64-fedora-clang, r-devel-linux-x86_64-fedora-gcc