CRAN Package Check Results for Package pbmcapply

Last updated on 2021-11-29 00:48:36 CET.

Flavor Version Tinstall Tcheck Ttotal Status Flags
r-devel-linux-x86_64-debian-clang 1.5.0 NOTE
r-devel-linux-x86_64-debian-gcc 1.5.0 2.11 17.87 19.98 NOTE
r-devel-linux-x86_64-fedora-clang 1.5.0 40.90 NOTE
r-devel-linux-x86_64-fedora-gcc 1.5.0 29.68 NOTE
r-devel-windows-x86_64-new-UL 1.5.0 10.00 61.00 71.00 NOTE
r-devel-windows-x86_64-new-TK 1.5.0 NOTE
r-devel-windows-x86_64-old 1.5.0 5.00 45.00 50.00 NOTE
r-patched-linux-x86_64 1.5.0 2.44 20.63 23.07 NOTE
r-patched-solaris-x86 1.5.0 47.30 NOTE
r-release-linux-x86_64 1.5.0 2.54 21.06 23.60 NOTE
r-release-macos-arm64 1.5.0 NOTE
r-release-macos-x86_64 1.5.0 NOTE
r-release-windows-ix86+x86_64 1.5.0 9.00 44.00 53.00 NOTE
r-oldrel-macos-x86_64 1.5.0 OK
r-oldrel-windows-ix86+x86_64 1.5.0 7.00 41.00 48.00 OK

Check Details

Version: 1.5.0
Check: LazyData
Result: NOTE
     'LazyData' is specified without a 'data' directory
Flavors: r-devel-linux-x86_64-debian-clang, r-devel-linux-x86_64-debian-gcc, r-devel-linux-x86_64-fedora-clang, r-devel-linux-x86_64-fedora-gcc, r-devel-windows-x86_64-new-UL, r-devel-windows-x86_64-new-TK, r-devel-windows-x86_64-old, r-patched-linux-x86_64, r-patched-solaris-x86, r-release-linux-x86_64, r-release-macos-arm64, r-release-macos-x86_64, r-release-windows-ix86+x86_64