CRAN Package Check Results for Package pbs

Last updated on 2021-09-28 00:48:31 CEST.

Flavor Version Tinstall Tcheck Ttotal Status Flags
r-devel-linux-x86_64-debian-clang 1.1 1.87 23.00 24.87 NOTE
r-devel-linux-x86_64-debian-gcc 1.1 1.49 17.54 19.03 NOTE
r-devel-linux-x86_64-fedora-clang 1.1 38.81 NOTE
r-devel-linux-x86_64-fedora-gcc 1.1 28.15 NOTE
r-devel-windows-x86_64 1.1 3.00 29.00 32.00 NOTE
r-devel-windows-x86_64-gcc10-UCRT 1.1 NOTE
r-patched-linux-x86_64 1.1 1.91 21.75 23.66 NOTE
r-patched-solaris-x86 1.1 46.80 NOTE
r-release-linux-x86_64 1.1 1.88 21.64 23.52 NOTE
r-release-macos-arm64 1.1 NOTE
r-release-macos-x86_64 1.1 NOTE
r-release-windows-ix86+x86_64 1.1 4.00 32.00 36.00 NOTE
r-oldrel-macos-x86_64 1.1 NOTE
r-oldrel-windows-ix86+x86_64 1.1 4.00 27.00 31.00 NOTE

Check Details

Version: 1.1
Check: DESCRIPTION meta-information
Result: NOTE
    Malformed Description field: should contain one or more complete sentences.
Flavors: r-devel-linux-x86_64-debian-clang, r-devel-linux-x86_64-debian-gcc, r-devel-linux-x86_64-fedora-clang, r-devel-linux-x86_64-fedora-gcc, r-devel-windows-x86_64, r-devel-windows-x86_64-gcc10-UCRT, r-patched-linux-x86_64, r-patched-solaris-x86, r-release-linux-x86_64, r-release-macos-arm64, r-release-macos-x86_64, r-release-windows-ix86+x86_64, r-oldrel-macos-x86_64, r-oldrel-windows-ix86+x86_64