CRAN Package Check Results for Package pcadapt

Last updated on 2021-10-23 00:49:03 CEST.

Flavor Version Tinstall Tcheck Ttotal Status Flags
r-devel-linux-x86_64-debian-clang 4.3.3 85.18 54.08 139.26 NOTE
r-devel-linux-x86_64-debian-gcc 4.3.3 63.08 39.96 103.04 NOTE
r-devel-linux-x86_64-fedora-clang 4.3.3 234.16 NOTE
r-devel-linux-x86_64-fedora-gcc 4.3.3 200.79 NOTE
r-devel-windows-x86_64 4.3.3 145.00 82.00 227.00 NOTE
r-devel-windows-x86_64-gcc10-UCRT 4.3.3 NOTE
r-patched-linux-x86_64 4.3.3 77.59 50.16 127.75 NOTE
r-patched-solaris-x86 4.3.3 179.40 NOTE
r-release-linux-x86_64 4.3.3 72.34 50.50 122.84 NOTE
r-release-macos-arm64 4.3.3 NOTE
r-release-macos-x86_64 4.3.3 NOTE
r-release-windows-ix86+x86_64 4.3.3 203.00 110.00 313.00 NOTE
r-oldrel-macos-x86_64 4.3.3 NOTE
r-oldrel-windows-ix86+x86_64 4.3.3 266.00 108.00 374.00 NOTE

Check Details

Version: 4.3.3
Check: LazyData
Result: NOTE
     'LazyData' is specified without a 'data' directory
Flavors: r-devel-linux-x86_64-debian-clang, r-devel-linux-x86_64-debian-gcc, r-devel-linux-x86_64-fedora-clang, r-devel-linux-x86_64-fedora-gcc, r-devel-windows-x86_64, r-devel-windows-x86_64-gcc10-UCRT, r-patched-linux-x86_64, r-patched-solaris-x86, r-release-linux-x86_64, r-release-macos-arm64, r-release-macos-x86_64, r-release-windows-ix86+x86_64

Version: 4.3.3
Check: installed package size
Result: NOTE
     installed size is 6.2Mb
     sub-directories of 1Mb or more:
     extdata 2.7Mb
     libs 2.7Mb
Flavors: r-devel-linux-x86_64-fedora-clang, r-release-macos-arm64, r-release-macos-x86_64, r-release-windows-ix86+x86_64, r-oldrel-macos-x86_64, r-oldrel-windows-ix86+x86_64

Version: 4.3.3
Check: package dependencies
Result: NOTE
    Package suggested but not available for checking: ‘vcfR’
Flavor: r-oldrel-macos-x86_64