CRAN Package Check Results for Package pcds

Last updated on 2021-10-25 00:49:20 CEST.

Flavor Version Tinstall Tcheck Ttotal Status Flags
r-devel-linux-x86_64-debian-clang 0.1.2 50.16 299.11 349.27 OK
r-devel-linux-x86_64-debian-gcc 0.1.2 33.64 216.34 249.98 OK
r-devel-linux-x86_64-fedora-clang 0.1.2 429.08 NOTE
r-devel-linux-x86_64-fedora-gcc 0.1.2 416.33 OK
r-devel-windows-x86_64 0.1.2 52.00 217.00 269.00 OK
r-devel-windows-x86_64-gcc10-UCRT 0.1.2 OK
r-patched-linux-x86_64 0.1.2 53.76 289.65 343.41 OK
r-patched-solaris-x86 0.1.2 482.10 OK
r-release-linux-x86_64 0.1.2 45.29 288.11 333.40 OK
r-release-macos-arm64 0.1.2 OK
r-release-macos-x86_64 0.1.2 OK
r-release-windows-ix86+x86_64 0.1.2 39.00 305.00 344.00 OK
r-oldrel-macos-x86_64 0.1.2 OK
r-oldrel-windows-ix86+x86_64 0.1.2 51.00 333.00 384.00 OK

Check Details

Version: 0.1.2
Check: Rd cross-references
Result: NOTE
    Undeclared package ‘spatstat.core’ in Rd xrefs
Flavor: r-devel-linux-x86_64-fedora-clang