Last updated on 2023-05-29 00:59:40 CEST.
Flavor | Version | Tinstall | Tcheck | Ttotal | Status | Flags |
---|---|---|---|---|---|---|
r-devel-linux-x86_64-debian-clang | 1.0.3 | 9.59 | 29.20 | 38.79 | OK | |
r-devel-linux-x86_64-debian-gcc | 1.0.3 | 14.56 | 23.43 | 37.99 | OK | |
r-devel-linux-x86_64-fedora-clang | 1.0.3 | 51.93 | NOTE | |||
r-devel-linux-x86_64-fedora-gcc | 1.0.3 | 59.52 | NOTE | |||
r-devel-windows-x86_64 | 1.0.3 | 13.00 | 48.00 | 61.00 | OK | |
r-patched-linux-x86_64 | 1.0.3 | 27.07 | 28.74 | 55.81 | OK | |
r-release-linux-x86_64 | 1.0.3 | 22.60 | 28.73 | 51.33 | OK | |
r-release-macos-arm64 | 1.0.3 | 62.00 | OK | |||
r-release-macos-x86_64 | 1.0.3 | 33.00 | OK | |||
r-release-windows-x86_64 | 1.0.3 | 20.00 | 53.00 | 73.00 | OK | |
r-oldrel-macos-arm64 | 1.0.3 | 59.00 | OK | |||
r-oldrel-macos-x86_64 | 1.0.3 | 34.00 | OK | |||
r-oldrel-windows-x86_64 | 1.0.3 | 24.00 | 62.00 | 86.00 | OK |
Version: 1.0.3
Check: compiled code
Result: NOTE
File ‘pdc/libs/pdc.so’:
Found no calls to: ‘R_registerRoutines’, ‘R_useDynamicSymbols’
It is good practice to register native routines and to disable symbol
search.
See ‘Writing portable packages’ in the ‘Writing R Extensions’ manual.
Flavors: r-devel-linux-x86_64-fedora-clang, r-devel-linux-x86_64-fedora-gcc