Last updated on 2023-05-30 00:59:52 CEST.
Flavor | Version | Tinstall | Tcheck | Ttotal | Status | Flags |
---|---|---|---|---|---|---|
r-devel-linux-x86_64-debian-clang | 0.4.0 | 3.12 | 83.49 | 86.61 | NOTE | |
r-devel-linux-x86_64-debian-gcc | 0.4.0 | 2.41 | 65.13 | 67.54 | NOTE | |
r-devel-linux-x86_64-fedora-clang | 0.4.0 | 110.91 | NOTE | |||
r-devel-linux-x86_64-fedora-gcc | 0.4.0 | 119.41 | NOTE | |||
r-devel-windows-x86_64 | 0.4.0 | 5.00 | 78.00 | 83.00 | NOTE | |
r-patched-linux-x86_64 | 0.4.0 | 3.32 | 82.69 | 86.01 | NOTE | |
r-release-linux-x86_64 | 0.4.0 | 3.09 | 81.70 | 84.79 | NOTE | |
r-release-macos-arm64 | 0.4.0 | 44.00 | NOTE | |||
r-release-macos-x86_64 | 0.4.0 | 64.00 | NOTE | |||
r-release-windows-x86_64 | 0.4.0 | 4.00 | 92.00 | 96.00 | NOTE | |
r-oldrel-macos-arm64 | 0.4.0 | 49.00 | NOTE | |||
r-oldrel-macos-x86_64 | 0.4.0 | 80.00 | NOTE | |||
r-oldrel-windows-x86_64 | 0.4.0 | 5.00 | 95.00 | 100.00 | NOTE |
Version: 0.4.0
Check: LazyData
Result: NOTE
'LazyData' is specified without a 'data' directory
Flavors: r-devel-linux-x86_64-debian-clang, r-devel-linux-x86_64-debian-gcc, r-devel-linux-x86_64-fedora-clang, r-devel-linux-x86_64-fedora-gcc, r-devel-windows-x86_64, r-patched-linux-x86_64, r-release-linux-x86_64, r-release-macos-arm64, r-release-macos-x86_64, r-release-windows-x86_64, r-oldrel-macos-arm64, r-oldrel-macos-x86_64, r-oldrel-windows-x86_64