CRAN Package Check Results for Package pedmod

Last updated on 2024-02-24 00:51:23 CET.

Flavor Version Tinstall Tcheck Ttotal Status Flags
r-devel-linux-x86_64-debian-clang 0.2.4 181.84 98.87 280.71 NOTE
r-devel-linux-x86_64-debian-gcc 0.2.4 146.31 74.02 220.33 NOTE
r-devel-linux-x86_64-fedora-clang 0.2.4 395.14 NOTE
r-devel-linux-x86_64-fedora-gcc 0.2.4 421.04 OK
r-devel-windows-x86_64 0.2.4 137.00 138.00 275.00 NOTE
r-patched-linux-x86_64 0.2.4 141.09 99.97 241.06 OK
r-release-linux-x86_64 0.2.4 127.07 98.17 225.24 OK
r-release-macos-arm64 0.2.4 119.00 NOTE
r-release-macos-x86_64 0.2.4 171.00 NOTE
r-release-windows-x86_64 0.2.4 177.00 162.00 339.00 NOTE
r-oldrel-macos-arm64 0.2.4 99.00 NOTE
r-oldrel-windows-x86_64 0.2.4 168.00 159.00 327.00 NOTE

Check Details

Version: 0.2.4
Check: Rd files
Result: NOTE checkRd: (-1) pedigree_ll_terms.Rd:16: Lost braces in \itemize; meant \describe ? checkRd: (-1) pedigree_ll_terms.Rd:17: Lost braces in \itemize; meant \describe ? checkRd: (-1) pedigree_ll_terms.Rd:18: Lost braces in \itemize; meant \describe ? checkRd: (-1) pedigree_ll_terms.Rd:19-20: Lost braces in \itemize; meant \describe ? Flavors: r-devel-linux-x86_64-debian-clang, r-devel-linux-x86_64-debian-gcc

Version: 0.2.4
Check: installed package size
Result: NOTE installed size is 5.9Mb sub-directories of 1Mb or more: doc 4.0Mb libs 1.7Mb Flavors: r-devel-linux-x86_64-fedora-clang, r-devel-windows-x86_64, r-release-macos-arm64, r-release-macos-x86_64, r-release-windows-x86_64, r-oldrel-macos-arm64, r-oldrel-windows-x86_64