Last updated on 2023-06-05 00:55:31 CEST.
Flavor | Version | Tinstall | Tcheck | Ttotal | Status | Flags |
---|---|---|---|---|---|---|
r-devel-linux-x86_64-debian-clang | 0.2.4 | 166.86 | 99.01 | 265.87 | OK | |
r-devel-linux-x86_64-debian-gcc | 0.2.4 | 146.87 | 74.38 | 221.25 | OK | |
r-devel-linux-x86_64-fedora-clang | 0.2.4 | 389.52 | NOTE | |||
r-devel-linux-x86_64-fedora-gcc | 0.2.4 | 418.74 | OK | |||
r-devel-windows-x86_64 | 0.2.4 | 135.00 | 140.00 | 275.00 | NOTE | |
r-patched-linux-x86_64 | 0.2.4 | 115.87 | 97.12 | 212.99 | OK | |
r-release-linux-x86_64 | 0.2.4 | 116.39 | 99.09 | 215.48 | OK | |
r-release-macos-arm64 | 0.2.4 | 119.00 | NOTE | |||
r-release-macos-x86_64 | 0.2.4 | 171.00 | NOTE | |||
r-release-windows-x86_64 | 0.2.4 | 175.00 | 168.00 | 343.00 | NOTE | |
r-oldrel-macos-arm64 | 0.2.4 | 99.00 | NOTE | |||
r-oldrel-macos-x86_64 | 0.2.4 | 117.00 | NOTE | |||
r-oldrel-windows-x86_64 | 0.2.4 | 169.00 | 162.00 | 331.00 | NOTE |
Version: 0.2.4
Check: installed package size
Result: NOTE
installed size is 5.9Mb
sub-directories of 1Mb or more:
doc 4.0Mb
libs 1.7Mb
Flavors: r-devel-linux-x86_64-fedora-clang, r-devel-windows-x86_64, r-release-macos-arm64, r-release-macos-x86_64, r-release-windows-x86_64, r-oldrel-macos-arm64, r-oldrel-macos-x86_64, r-oldrel-windows-x86_64